{"id":1222,"date":"2020-06-28T15:55:47","date_gmt":"2020-06-28T15:55:47","guid":{"rendered":"https:\/\/www.instrumentbox.de\/?product=ptrumpet-trompete-hytech-kunststoff-schwarz-mit-gig-bag"},"modified":"2025-01-24T17:41:15","modified_gmt":"2025-01-24T16:41:15","slug":"ptrumpet-trompete-hytech-kunststoff-schwarz-mit-gig-bag","status":"publish","type":"product","link":"https:\/\/www.instrumentbox.de\/?product=ptrumpet-trompete-hytech-kunststoff-schwarz-mit-gig-bag","title":{"rendered":"pTrumpet Trompete hyTech Kunststoff schwarz mit Gig Bag PTRUMPET1HTB\/BLACK"},"content":{"rendered":"<div class=\"disclaim\">Farbe:<strong>schwarz<\/strong><\/div>\n<p><!-- show up to 2 reviews by default --><\/p>\n<p>pTrumpet hyTech basiert auf den modernsten Technologien in der Entwicklung von Trompeten. Durch jahrelange Erfahung in der Kunststoffverarbeitung und der Herstellung von Blasinstrumenten entstand dieses einzigartige Produkt. Die pTrmpet hyTech ist eine estrem leichte Bb-Trompete und besitzt eine leichte Ansprache sowie ein offenes und freies Spielgef\u00fchl. pTrumpet &#8211; authentic. innovative. accessible. Bb Hybrid Trompete &#8211; Gewicht 650 g, leicht und robust &#8211; Korpus aus ABS-Kunststoff &#8211; Messing Ventilb\u00fcchsen, ABS ummantelt &#8211; Edelstahl Ventile &#8211; ML Bohrung 11, 65 mm &#8211; Schallst\u00fcck 128 mm &#8211; Patentiertes Hybrid Mundrohr mit Messing Mundst\u00fcckaufnahme &#8211; Oben liegende Federn mit ABS Ventilf\u00fchrung &#8211; 2 Wasserklappen: am Hauptstimmzug und am 3. Ventilzug &#8211; Verstellbarer 3. Ventilzug mit Fingerring und Zugstopper &#8211; Abnehmbarer 1. und 2. Ventilzug &#8211; Aluminium Ober- und Unterdeckel &#8211; Aluminium Ventilh\u00e4lse und Fingerkn\u00f6pfe &#8211; Versilbertes 7C Messing Mundst\u00fcck &#8211; Gepolstertes GigBag mit Rucksackriemen und Schultergurt<\/p>\n<p>Geben Sie Ihr Modell ein,um sicherzustellen, dass dieser Artikel passt.<br \/>\nBb Hybrid Trompete schwarz, Gewicht 650 g, leicht und robust<br \/>\nKorpus aus ABS-Kunststoff, Messing Ventilb\u00fcchsen, ABS ummantelt, Edelstahl Ventile<br \/>\nML Bohrung 11, 65 mm, Schallst\u00fcck 128 mm, Patentiertes Hybrid Mundrohr mit Messing Mundst\u00fcckaufnahme<br \/>\nAbnehmbarer 1. und 2. Ventilzug, Aluminium Ober- und Unterdeckel, Aluminium Ventilh\u00e4lse und Fingerkn\u00f6pfe<br \/>\nVersilbertes 7C Messing Mundst\u00fcck, Gepolstertes GigBag mit Rucksackriemen und Schultergurt<br \/>\n<div class=\"main-cross-sell\" data-asin=\"B07CZLXCBH\">\n\n\t<div class=\"WooZone-cross-sell-loader\">\n\t\t<div>\n\t\t\t<div id=\"floatingBarsG\">\n\t\t\t\t<div class=\"blockG\" id=\"rotateG_01\"><\/div>\n\t\t\t\t<div class=\"blockG\" id=\"rotateG_02\"><\/div>\n\t\t\t\t<div class=\"blockG\" id=\"rotateG_03\"><\/div>\n\t\t\t\t<div class=\"blockG\" id=\"rotateG_04\"><\/div>\n\t\t\t\t<div class=\"blockG\" id=\"rotateG_05\"><\/div>\n\t\t\t\t<div class=\"blockG\" id=\"rotateG_06\"><\/div>\n\t\t\t\t<div class=\"blockG\" id=\"rotateG_07\"><\/div>\n\t\t\t\t<div class=\"blockG\" id=\"rotateG_08\"><\/div>\n\t\t\t<\/div>\n\t\t\t<div class=\"WooZone-cross-sell-loader-text\"><\/div>\n\t\t<\/div>\n\t<\/div>\n\n\t\t\n<\/div>\n<div style=\"clear:both;\"><\/div>\n","protected":false},"excerpt":{"rendered":"<p>Geben Sie Ihr Modell ein,um sicherzustellen, dass dieser Artikel passt.<br \/>\nBb Hybrid Trompete schwarz, Gewicht 650 g, leicht und robust<br \/>\nKorpus aus ABS-Kunststoff, Messing Ventilb\u00fcchsen, ABS ummantelt, Edelstahl Ventile<\/p>\n","protected":false},"featured_media":1223,"comment_status":"open","ping_status":"closed","template":"","meta":{"_acf_changed":false,"rs_blank_template":"","rs_page_bg_color":"","slide_template_v7":""},"product_brand":[],"product_cat":[114,15],"product_tag":[],"class_list":{"0":"post-1222","1":"product","2":"type-product","3":"status-publish","4":"has-post-thumbnail","6":"product_cat-blasinstrument","7":"product_cat-shop","8":"pa_brand-ptrumpet","10":"first","11":"instock","12":"shipping-taxable","13":"purchasable","14":"product-type-simple"},"acf":[],"_links":{"self":[{"href":"https:\/\/www.instrumentbox.de\/index.php?rest_route=\/wp\/v2\/product\/1222","targetHints":{"allow":["GET"]}}],"collection":[{"href":"https:\/\/www.instrumentbox.de\/index.php?rest_route=\/wp\/v2\/product"}],"about":[{"href":"https:\/\/www.instrumentbox.de\/index.php?rest_route=\/wp\/v2\/types\/product"}],"replies":[{"embeddable":true,"href":"https:\/\/www.instrumentbox.de\/index.php?rest_route=%2Fwp%2Fv2%2Fcomments&post=1222"}],"wp:featuredmedia":[{"embeddable":true,"href":"https:\/\/www.instrumentbox.de\/index.php?rest_route=\/wp\/v2\/media\/1223"}],"wp:attachment":[{"href":"https:\/\/www.instrumentbox.de\/index.php?rest_route=%2Fwp%2Fv2%2Fmedia&parent=1222"}],"wp:term":[{"taxonomy":"product_brand","embeddable":true,"href":"https:\/\/www.instrumentbox.de\/index.php?rest_route=%2Fwp%2Fv2%2Fproduct_brand&post=1222"},{"taxonomy":"product_cat","embeddable":true,"href":"https:\/\/www.instrumentbox.de\/index.php?rest_route=%2Fwp%2Fv2%2Fproduct_cat&post=1222"},{"taxonomy":"product_tag","embeddable":true,"href":"https:\/\/www.instrumentbox.de\/index.php?rest_route=%2Fwp%2Fv2%2Fproduct_tag&post=1222"}],"curies":[{"name":"wp","href":"https:\/\/api.w.org\/{rel}","templated":true}]}}