{"id":1406,"date":"2020-07-16T00:22:42","date_gmt":"2020-07-16T00:22:42","guid":{"rendered":"https:\/\/www.instrumentbox.de\/?product=suzuki-ha20g-hammond-mundharmonika-diatonisch-g-dur-10-oeffnungen-schwarz"},"modified":"2024-12-15T16:06:14","modified_gmt":"2024-12-15T15:06:14","slug":"suzuki-ha20g-hammond-mundharmonika-diatonisch-g-dur-10-oeffnungen-schwarz","status":"publish","type":"product","link":"https:\/\/www.instrumentbox.de\/?product=suzuki-ha20g-hammond-mundharmonika-diatonisch-g-dur-10-oeffnungen-schwarz","title":{"rendered":"Suzuki HA20G Hammond Mundharmonika, diatonisch, G-Dur, 10 \u00d6ffnungen, Schwarz, Suzuki-Promaster-Hammond-G"},"content":{"rendered":"<div class=\"disclaim\"> Stil:<strong>G<\/strong> <\/div>\n<p> <!-- show up to 2 reviews by default --> <\/p>\n<p>Hammond SUZUKI Blues Organ SU HA-20 in G<\/p>\n<p>Kernst\u00fcck dieser Mundharmonika ist ein schwarzer, h\u00f6chst pr\u00e4zise gerf\u00e4ster Kanzellenk\u00f6rper aus einer speziellen Aluminiumlegierung. Die 0,9 mm starken Edelstahl-Stimmplatten sind 7-fach verschaubt. Die Stimmzungen sind, wie bei der Blues Master auch, mit lasergeschnittenen Stimmzungen aus einer speziellen Phoshorbronze-Legierung best\u00fcckt. Auch hier sind die Reeds absolut pr\u00e4zise punktgeschwei\u00dft. Die ergonomisch geformten Deckelplatten sind aus schwarz-verchromtem Edelstahl.<\/p>\n<p>Spezifikationen:<\/p>\n<ul>\n<li>Kanzellenk\u00f6rper: Aluminium, gefr\u00e4st<\/li>\n<li>Stimmplatten: Aluminium, gefr\u00e4st<\/li>\n<li>Anzahl der Stimmzungen: 20<\/li>\n<li>Anzahl der Schrauben: 9 (7 plus 2 Deckelschrauben)<\/li>\n<li>Deckelplatten: Edelstahlblech schwarz-verchromt (ergonomisch geformt)<\/li>\n<li>Ma\u00dfe (L x B x H): ca. 101 x 27 x 20 mm<\/li>\n<li>Gewicht: 85 Gramm (130g mit Etui)<\/li>\n<li>lieferbare Tonarten: 14 Tonarten von Low F bis High G<\/li>\n<\/ul>\n<p>Geben Sie Ihr Modell ein, um sicherzustellen, dass dieser Artikel passt.<br \/>\nHammond SUZUKI Blues Organ SU HA-20 in G<br \/>\n<div class=\"main-cross-sell\" data-asin=\"B0014N0DSQ\">\n\n\t<div class=\"WooZone-cross-sell-loader\">\n\t\t<div>\n\t\t\t<div id=\"floatingBarsG\">\n\t\t\t\t<div class=\"blockG\" id=\"rotateG_01\"><\/div>\n\t\t\t\t<div class=\"blockG\" id=\"rotateG_02\"><\/div>\n\t\t\t\t<div class=\"blockG\" id=\"rotateG_03\"><\/div>\n\t\t\t\t<div class=\"blockG\" id=\"rotateG_04\"><\/div>\n\t\t\t\t<div class=\"blockG\" id=\"rotateG_05\"><\/div>\n\t\t\t\t<div class=\"blockG\" id=\"rotateG_06\"><\/div>\n\t\t\t\t<div class=\"blockG\" id=\"rotateG_07\"><\/div>\n\t\t\t\t<div class=\"blockG\" id=\"rotateG_08\"><\/div>\n\t\t\t<\/div>\n\t\t\t<div class=\"WooZone-cross-sell-loader-text\"><\/div>\n\t\t<\/div>\n\t<\/div>\n\n\t\t\n<\/div>\n<div style=\"clear:both;\"><\/div>\n","protected":false},"excerpt":{"rendered":"<p>Geben Sie Ihr Modell ein, um sicherzustellen, dass dieser Artikel passt.<br \/>\nHammond SUZUKI Blues Organ SU HA-20 in G<\/p>\n","protected":false},"featured_media":1407,"comment_status":"open","ping_status":"closed","template":"","meta":{"_acf_changed":false,"rs_blank_template":"","rs_page_bg_color":"","slide_template_v7":""},"product_brand":[],"product_cat":[112,15],"product_tag":[],"class_list":{"0":"post-1406","1":"product","2":"type-product","3":"status-publish","4":"has-post-thumbnail","6":"product_cat-harmonika","7":"product_cat-shop","8":"pa_amazon-bestseller-rang-nr-15004-in-musikinstrumente-dj-equipment-siehe-top-100-in-musikinstrumente-dj-equipment-nr-180-in-mundharmonikas-musikinstrumente-dj-equipment","9":"pa_artikelgewicht-113-g","10":"pa_brand-marke-suzuki","11":"pa_durchschnittliche-kundenbewer-44-von-5-sternen-406-sternebewertungen-44-von-5-sternen","12":"pa_farbe-schwarz","13":"pa_im-angebot-von-amazon-de-seit-4-dezember-2013","14":"pa_material-gebuerstetes-schwarzes-aluminium","15":"pa_modellnummer-suzuki-promaster-hammond-g","16":"pa_produktabmessungen-15-24-x-7-62-x-2-54-cm","17":"pa_zusammenbau-noetig-nein","19":"first","20":"instock","21":"shipping-taxable","22":"purchasable","23":"product-type-simple"},"acf":[],"_links":{"self":[{"href":"https:\/\/www.instrumentbox.de\/index.php?rest_route=\/wp\/v2\/product\/1406","targetHints":{"allow":["GET"]}}],"collection":[{"href":"https:\/\/www.instrumentbox.de\/index.php?rest_route=\/wp\/v2\/product"}],"about":[{"href":"https:\/\/www.instrumentbox.de\/index.php?rest_route=\/wp\/v2\/types\/product"}],"replies":[{"embeddable":true,"href":"https:\/\/www.instrumentbox.de\/index.php?rest_route=%2Fwp%2Fv2%2Fcomments&post=1406"}],"wp:featuredmedia":[{"embeddable":true,"href":"https:\/\/www.instrumentbox.de\/index.php?rest_route=\/wp\/v2\/media\/1407"}],"wp:attachment":[{"href":"https:\/\/www.instrumentbox.de\/index.php?rest_route=%2Fwp%2Fv2%2Fmedia&parent=1406"}],"wp:term":[{"taxonomy":"product_brand","embeddable":true,"href":"https:\/\/www.instrumentbox.de\/index.php?rest_route=%2Fwp%2Fv2%2Fproduct_brand&post=1406"},{"taxonomy":"product_cat","embeddable":true,"href":"https:\/\/www.instrumentbox.de\/index.php?rest_route=%2Fwp%2Fv2%2Fproduct_cat&post=1406"},{"taxonomy":"product_tag","embeddable":true,"href":"https:\/\/www.instrumentbox.de\/index.php?rest_route=%2Fwp%2Fv2%2Fproduct_tag&post=1406"}],"curies":[{"name":"wp","href":"https:\/\/api.w.org\/{rel}","templated":true}]}}