{"id":1607,"date":"2020-07-16T00:35:19","date_gmt":"2020-07-16T00:35:19","guid":{"rendered":"https:\/\/www.instrumentbox.de\/?product=c-a-seydel-mundharmonika-session-standard-a-dur-20-stimmen"},"modified":"2025-01-20T04:47:41","modified_gmt":"2025-01-20T03:47:41","slug":"c-a-seydel-mundharmonika-session-standard-a-dur-20-stimmen","status":"publish","type":"product","link":"https:\/\/www.instrumentbox.de\/?product=c-a-seydel-mundharmonika-session-standard-a-dur-20-stimmen","title":{"rendered":"C.A. Seydel Mundharmonika &#8220;Session Standard&#8221; A-Dur 20 Stimmen"},"content":{"rendered":"<p><!-- show up to 2 reviews by default --> <\/p>\n<p>Seydel Session Standard in A Diatonische harp mit Kunststoff-Kanzellenk\u00f6rper. Wenn Sie als Anf\u00e4nger auf diese Seiten geraten sind, dann ist dies hier die Mutter aller Stimmungen, die sogenannte Richter-Stimmung. Die geniale Erfindung der Diatonischen Mundharmonika wird diesem Mann aus dem B\u00f6hmischen Viertel zugeschrieben. Richter soll aus dem b\u00f6hmischen Haida gestammt haben. Belegt ist das nicht, aber Tatsache ist, dass die Richter Mundharmonika, die legend\u00e4re harp, von unseren Mitarbeitern nur &#8220;Haidaer&#8221; genannt wird. Das alles braucht Sie als Anf\u00e4nger eigentlich nicht zu k\u00fcmmern. Wichtig ist nur, dass Sie gut beraten sind, wenn Sie mit dieser Stimmung das Abenteuer Mundharmonika beginnen. Fast alle gro\u00dfen Mundharmonikavirtuosen haben auf diesem Instrument ihre Karriere begonnen bzw. sind bis heute diesem Instrument treu. Mit der Betonung auf Blasen spielen Sie nach f\u00fcnf Minuten Ihr erstes Volkslied und mit der Betonung auf dem Ziehakkord beginnen Sie einzutauchen in die Geheimnisse des Blues und Rock&#8217;n Roll, also jener Musikstile, welche dieser Mundharmonikaserie ihren Namen gegeben haben. Ein praktisches Echt-Lederetui liegt jedem Instrument bei! <\/p>\n<p>Geben Sie Ihr Modell ein, um sicherzustellen, dass dieser Artikel passt.<br \/>\npraktisches Echt-Lederetui liegt jedem Instrument bei<br \/>\n<div class=\"main-cross-sell\" data-asin=\"B0024Q2LKA\">\n\n\t<div class=\"WooZone-cross-sell-loader\">\n\t\t<div>\n\t\t\t<div id=\"floatingBarsG\">\n\t\t\t\t<div class=\"blockG\" id=\"rotateG_01\"><\/div>\n\t\t\t\t<div class=\"blockG\" id=\"rotateG_02\"><\/div>\n\t\t\t\t<div class=\"blockG\" id=\"rotateG_03\"><\/div>\n\t\t\t\t<div class=\"blockG\" id=\"rotateG_04\"><\/div>\n\t\t\t\t<div class=\"blockG\" id=\"rotateG_05\"><\/div>\n\t\t\t\t<div class=\"blockG\" id=\"rotateG_06\"><\/div>\n\t\t\t\t<div class=\"blockG\" id=\"rotateG_07\"><\/div>\n\t\t\t\t<div class=\"blockG\" id=\"rotateG_08\"><\/div>\n\t\t\t<\/div>\n\t\t\t<div class=\"WooZone-cross-sell-loader-text\"><\/div>\n\t\t<\/div>\n\t<\/div>\n\n\t\t\n<\/div>\n<div style=\"clear:both;\"><\/div>\n","protected":false},"excerpt":{"rendered":"<p>Geben Sie Ihr Modell ein, um sicherzustellen, dass dieser Artikel passt.<br \/>\npraktisches Echt-Lederetui liegt jedem Instrument bei<\/p>\n","protected":false},"featured_media":1608,"comment_status":"open","ping_status":"closed","template":"","meta":{"_acf_changed":false,"rs_blank_template":"","rs_page_bg_color":"","slide_template_v7":""},"product_brand":[],"product_cat":[112,15],"product_tag":[],"class_list":{"0":"post-1607","1":"product","2":"type-product","3":"status-publish","4":"has-post-thumbnail","6":"product_cat-harmonika","7":"product_cat-shop","8":"pa_amazon-bestseller-rang-nr-24629-in-musikinstrumente-dj-equipment-siehe-top-100-in-musikinstrumente-dj-equipment-nr-288-in-mundharmonikas-musikinstrumente-dj-equipment","9":"pa_brand-marke-seydel","10":"pa_durchschnittliche-kundenbewer-43-von-5-sternen-2-sternebewertungen-43-von-5-sternen","11":"pa_im-angebot-von-amazon-de-seit-3-april-2009","12":"pa_zusammenbau-noetig-nein","14":"first","15":"instock","16":"shipping-taxable","17":"purchasable","18":"product-type-simple"},"acf":[],"_links":{"self":[{"href":"https:\/\/www.instrumentbox.de\/index.php?rest_route=\/wp\/v2\/product\/1607","targetHints":{"allow":["GET"]}}],"collection":[{"href":"https:\/\/www.instrumentbox.de\/index.php?rest_route=\/wp\/v2\/product"}],"about":[{"href":"https:\/\/www.instrumentbox.de\/index.php?rest_route=\/wp\/v2\/types\/product"}],"replies":[{"embeddable":true,"href":"https:\/\/www.instrumentbox.de\/index.php?rest_route=%2Fwp%2Fv2%2Fcomments&post=1607"}],"wp:featuredmedia":[{"embeddable":true,"href":"https:\/\/www.instrumentbox.de\/index.php?rest_route=\/wp\/v2\/media\/1608"}],"wp:attachment":[{"href":"https:\/\/www.instrumentbox.de\/index.php?rest_route=%2Fwp%2Fv2%2Fmedia&parent=1607"}],"wp:term":[{"taxonomy":"product_brand","embeddable":true,"href":"https:\/\/www.instrumentbox.de\/index.php?rest_route=%2Fwp%2Fv2%2Fproduct_brand&post=1607"},{"taxonomy":"product_cat","embeddable":true,"href":"https:\/\/www.instrumentbox.de\/index.php?rest_route=%2Fwp%2Fv2%2Fproduct_cat&post=1607"},{"taxonomy":"product_tag","embeddable":true,"href":"https:\/\/www.instrumentbox.de\/index.php?rest_route=%2Fwp%2Fv2%2Fproduct_tag&post=1607"}],"curies":[{"name":"wp","href":"https:\/\/api.w.org\/{rel}","templated":true}]}}