{"id":1830,"date":"2020-07-16T00:53:02","date_gmt":"2020-07-16T00:53:02","guid":{"rendered":"https:\/\/www.instrumentbox.de\/?product=hohner-xs-kinder-akkordeon-blau-orange"},"modified":"2025-01-22T07:53:57","modified_gmt":"2025-01-22T06:53:57","slug":"hohner-xs-kinder-akkordeon-blau-orange","status":"publish","type":"product","link":"https:\/\/www.instrumentbox.de\/?product=hohner-xs-kinder-akkordeon-blau-orange","title":{"rendered":"Hohner XS Kinder-Akkordeon blau-orange"},"content":{"rendered":"<p><!-- show up to 2 reviews by default --> <\/p>\n<p><b>Komm mit in die Welt der Musik!<\/b><\/p>\n<p><b>Seit jeher ist es die erkl\u00e4rte Mission von Hohner, Menschen jeden Alters \u00fcberall die Freude am Musizieren n\u00e4her zu<br \/>bringen. Mit dem Hohner XS hat Hohner ein revolution\u00e4res Akkordeon entwickelt, das sich in Design und Funktion speziell<br \/>an junge Spieler richtet. Aber nicht nur den Kindern, auch Erwachsenen, die bisher nur wenig Erfahrung mit dem Musizieren<br \/>haben, wird \u00fcber dieses Instrument das Tor zur Welt der Musik ge\u00f6ffnet.<\/b><\/p>\n<p><b>Kann viel &#8211; wiegt wenig<\/b><br \/>Das Hohner XS wurde f\u00fcr Kinder im Alter von 4 bis 7 Jahren entwickelt. Darum ist es 60 % leichter als gew\u00f6hnliche<br \/>Akkordeons und bietet folgenden Tonumfang: Diskant h &#8211; g&#8221; sowie 3-Bassreihen: F-A.<\/p>\n<p><b>Von Kennern f\u00fcr Kinder<\/b><br \/>Weil es nicht damit getan ist, ein Akkordeon auf Kindergr\u00f6\u00dfe zu schrumpfen, haben wir zusammen mit wissenschaftlicher,<br \/>musikp\u00e4dagogischer und gestalterische Unterst\u00fctzung das Hohner XS entwickelt. Die Vorteile: leichtes Anschnallen durch<br \/>das Click &#8216;n&#8217;Play Tragesystem und ein Griffbrett in ergonomisch angepasstem Winkel.<\/p>\n<p><b>Immer richtig eingestellt<\/b><br \/>Egal ob ein Kind darauf spielt oder ein Erwachsener etwas zeigt: das Hohner XS ist dank verstellbarer Handschlaufe immer<br \/>richtig eingestellt. F\u00fcr Erwachsene gibt es auch in zweites Gurtsystem, damit das Akkordeon perfekt passt.<\/p>\n<p><b>F\u00fcr den Fall der F\u00e4lle<\/b><br \/>Das Akkordeon ist keine Stradivari. Denn wenn die Mal etwas abbekommt, sind wohl nicht nur die Saiten verstimmt. Das<br \/>Hohner XS dagegen kann einiges ab, denn bei der Herstellung wurde ein robustes Kunststoffgeh\u00e4use und eine ebenso stabile<br \/>Innenkonstruktion gew\u00e4hlt.<\/p>\n<p><b>Im kleinen Akkordeon steckt gro\u00dfe Musik drin!<\/b><\/p>\n<\/p>\n<p>Geben Sie Ihr Modell ein, um sicherzustellen, dass dieser Artikel passt.<br \/>\nErgonomische Konstruktion: entwickelt f\u00fcr optimalen Spielkomfort f\u00fcr Kinder von 4 \u2013 7 Jahren<br \/>\nGeringes Gewicht \u2013 nur 2950 g: durch Einsatz innovativer Materialien<br \/>\nClick and Play-System: das Hohner XS ist dank des neuen Click and Play-Tragesystems einfach anzulegen<br \/>\nRobuste Bauweise: Geh\u00e4use und Innenkonstruktion aus strapazierf\u00e4higem Kunststoff<br \/>\nVerstellbare Handschlaufe: f\u00fcr Kinder und Erwachsene gleicherma\u00dfen angenehm spielbar<br \/>\n<div class=\"main-cross-sell\" data-asin=\"B07TLNFD1F\">\n\n\t<div class=\"WooZone-cross-sell-loader\">\n\t\t<div>\n\t\t\t<div id=\"floatingBarsG\">\n\t\t\t\t<div class=\"blockG\" id=\"rotateG_01\"><\/div>\n\t\t\t\t<div class=\"blockG\" id=\"rotateG_02\"><\/div>\n\t\t\t\t<div class=\"blockG\" id=\"rotateG_03\"><\/div>\n\t\t\t\t<div class=\"blockG\" id=\"rotateG_04\"><\/div>\n\t\t\t\t<div class=\"blockG\" id=\"rotateG_05\"><\/div>\n\t\t\t\t<div class=\"blockG\" id=\"rotateG_06\"><\/div>\n\t\t\t\t<div class=\"blockG\" id=\"rotateG_07\"><\/div>\n\t\t\t\t<div class=\"blockG\" id=\"rotateG_08\"><\/div>\n\t\t\t<\/div>\n\t\t\t<div class=\"WooZone-cross-sell-loader-text\"><\/div>\n\t\t<\/div>\n\t<\/div>\n\n\t\t\n<\/div>\n<div style=\"clear:both;\"><\/div>\n","protected":false},"excerpt":{"rendered":"<p>Geben Sie Ihr Modell ein, um sicherzustellen, dass dieser Artikel passt.<br \/>\nErgonomische Konstruktion: entwickelt f\u00fcr optimalen Spielkomfort f\u00fcr Kinder von 4 \u2013 7 Jahren<br \/>\nGeringes Gewicht \u2013 nur 2950 g: durch Einsatz innovativer Materialien<\/p>\n","protected":false},"featured_media":1831,"comment_status":"open","ping_status":"closed","template":"","meta":{"_acf_changed":false,"rs_blank_template":"","rs_page_bg_color":"","slide_template_v7":""},"product_brand":[],"product_cat":[39,15],"product_tag":[],"class_list":{"0":"post-1830","1":"product","2":"type-product","3":"status-publish","4":"has-post-thumbnail","6":"product_cat-akkordeon","7":"product_cat-shop","8":"pa_amazon-bestseller-rang-nr-54257-in-musikinstrumente-dj-equipment-siehe-top-100-in-musikinstrumente-dj-equipment-nr-42-in-pianoakkordeons","9":"pa_artikelgewicht-4-3-kg","10":"pa_brand-marke-hohner","11":"pa_herstellerreferenz-hoa2901","12":"pa_im-angebot-von-amazon-de-seit-27-juni-2019","13":"pa_verpackungsabmessungen-40-x-37-x-25-cm","15":"first","16":"instock","17":"shipping-taxable","18":"purchasable","19":"product-type-simple"},"acf":[],"_links":{"self":[{"href":"https:\/\/www.instrumentbox.de\/index.php?rest_route=\/wp\/v2\/product\/1830","targetHints":{"allow":["GET"]}}],"collection":[{"href":"https:\/\/www.instrumentbox.de\/index.php?rest_route=\/wp\/v2\/product"}],"about":[{"href":"https:\/\/www.instrumentbox.de\/index.php?rest_route=\/wp\/v2\/types\/product"}],"replies":[{"embeddable":true,"href":"https:\/\/www.instrumentbox.de\/index.php?rest_route=%2Fwp%2Fv2%2Fcomments&post=1830"}],"wp:featuredmedia":[{"embeddable":true,"href":"https:\/\/www.instrumentbox.de\/index.php?rest_route=\/wp\/v2\/media\/1831"}],"wp:attachment":[{"href":"https:\/\/www.instrumentbox.de\/index.php?rest_route=%2Fwp%2Fv2%2Fmedia&parent=1830"}],"wp:term":[{"taxonomy":"product_brand","embeddable":true,"href":"https:\/\/www.instrumentbox.de\/index.php?rest_route=%2Fwp%2Fv2%2Fproduct_brand&post=1830"},{"taxonomy":"product_cat","embeddable":true,"href":"https:\/\/www.instrumentbox.de\/index.php?rest_route=%2Fwp%2Fv2%2Fproduct_cat&post=1830"},{"taxonomy":"product_tag","embeddable":true,"href":"https:\/\/www.instrumentbox.de\/index.php?rest_route=%2Fwp%2Fv2%2Fproduct_tag&post=1830"}],"curies":[{"name":"wp","href":"https:\/\/api.w.org\/{rel}","templated":true}]}}