{"id":1854,"date":"2020-07-16T00:54:29","date_gmt":"2020-07-16T00:54:29","guid":{"rendered":"https:\/\/www.instrumentbox.de\/?product=hohner-concertina-20-schluessel"},"modified":"2025-01-23T20:21:59","modified_gmt":"2025-01-23T19:21:59","slug":"hohner-concertina-20-schluessel","status":"publish","type":"product","link":"https:\/\/www.instrumentbox.de\/?product=hohner-concertina-20-schluessel","title":{"rendered":"Hohner D40 Concertina mit gepolsterter Gigbag"},"content":{"rendered":"<p><!-- show up to 2 reviews by default --> <\/p>\n<p>Ziehharmonikas spielen eine stark etablierte Rolle in der Welt der Akkordeons. Wegen ihrer geringen Gr\u00f6\u00dfe und des geringen Gewichts sind sie schon immer ein Hit bei Musikern, die oft unterwegs sind. Sie sind nat\u00fcrlich auch sehr gut in der Familien-Musik zu Hause etabliert, und es ist beeindruckend, was eine gro\u00dfe Auswahl an Kl\u00e4ngen diese Instrumente produzieren k\u00f6nnen. Wir verpacken alle Ziehharmonikas sorgf\u00e4ltig in einer passenden, gepolsterten Tasche, die gerne reisen und ausreichend gesch\u00fctzt sind. <\/p>\n<p>Geben Sie Ihr Modell ein, um sicherzustellen, dass dieser Artikel passt.<br \/>\nanglo-German Style<br \/>\n20 Kn\u00f6pfe und 40 Stimmzungen<br \/>\nMit Gigbag<br \/>\nTolles Preis-Leistungs-Verh\u00e4ltnis.<br \/>\nGarantie gilt f\u00fcr Teile und Arbeit, um Herstellerfehler zu reparieren. 90 Tage nach dem Kaufdatum<br \/>\n<div class=\"main-cross-sell\" data-asin=\"B0002GWKKA\">\n\n\t<div class=\"WooZone-cross-sell-loader\">\n\t\t<div>\n\t\t\t<div id=\"floatingBarsG\">\n\t\t\t\t<div class=\"blockG\" id=\"rotateG_01\"><\/div>\n\t\t\t\t<div class=\"blockG\" id=\"rotateG_02\"><\/div>\n\t\t\t\t<div class=\"blockG\" id=\"rotateG_03\"><\/div>\n\t\t\t\t<div class=\"blockG\" id=\"rotateG_04\"><\/div>\n\t\t\t\t<div class=\"blockG\" id=\"rotateG_05\"><\/div>\n\t\t\t\t<div class=\"blockG\" id=\"rotateG_06\"><\/div>\n\t\t\t\t<div class=\"blockG\" id=\"rotateG_07\"><\/div>\n\t\t\t\t<div class=\"blockG\" id=\"rotateG_08\"><\/div>\n\t\t\t<\/div>\n\t\t\t<div class=\"WooZone-cross-sell-loader-text\"><\/div>\n\t\t<\/div>\n\t<\/div>\n\n\t\t\n<\/div>\n<div style=\"clear:both;\"><\/div>\n","protected":false},"excerpt":{"rendered":"<p>Geben Sie Ihr Modell ein, um sicherzustellen, dass dieser Artikel passt.<br \/>\nanglo-German Style<br \/>\n20 Kn\u00f6pfe und 40 Stimmzungen<\/p>\n","protected":false},"featured_media":1855,"comment_status":"open","ping_status":"closed","template":"","meta":{"_acf_changed":false,"rs_blank_template":"","rs_page_bg_color":"","slide_template_v7":""},"product_brand":[],"product_cat":[39,15],"product_tag":[],"class_list":{"0":"post-1854","1":"product","2":"type-product","3":"status-publish","4":"has-post-thumbnail","6":"product_cat-akkordeon","7":"product_cat-shop","8":"pa_amazon-bestseller-rang-nr-95932-in-musikinstrumente-dj-equipment-siehe-top-100-in-musikinstrumente-dj-equipment-nr-9668-in-blasinstrumente-musikinstrumente-dj-equipment","9":"pa_anzahl-tasten-777","10":"pa_artikelgewicht-454-g","11":"pa_brand-marke-hohner-accordions","12":"pa_durchschnittliche-kundenbewer-34-von-5-sternen-45-sternebewertungen-34-von-5-sternen","13":"pa_farbe-mehrfarbig","14":"pa_im-angebot-von-amazon-de-seit-5-oktober-2017","15":"pa_modellnummer-concertina-20-key","16":"pa_produktabmessungen-35-56-x-35-56-x-35-56-cm","17":"pa_zusammenbau-noetig-nein","19":"first","20":"instock","21":"shipping-taxable","22":"purchasable","23":"product-type-simple"},"acf":[],"_links":{"self":[{"href":"https:\/\/www.instrumentbox.de\/index.php?rest_route=\/wp\/v2\/product\/1854","targetHints":{"allow":["GET"]}}],"collection":[{"href":"https:\/\/www.instrumentbox.de\/index.php?rest_route=\/wp\/v2\/product"}],"about":[{"href":"https:\/\/www.instrumentbox.de\/index.php?rest_route=\/wp\/v2\/types\/product"}],"replies":[{"embeddable":true,"href":"https:\/\/www.instrumentbox.de\/index.php?rest_route=%2Fwp%2Fv2%2Fcomments&post=1854"}],"wp:featuredmedia":[{"embeddable":true,"href":"https:\/\/www.instrumentbox.de\/index.php?rest_route=\/wp\/v2\/media\/1855"}],"wp:attachment":[{"href":"https:\/\/www.instrumentbox.de\/index.php?rest_route=%2Fwp%2Fv2%2Fmedia&parent=1854"}],"wp:term":[{"taxonomy":"product_brand","embeddable":true,"href":"https:\/\/www.instrumentbox.de\/index.php?rest_route=%2Fwp%2Fv2%2Fproduct_brand&post=1854"},{"taxonomy":"product_cat","embeddable":true,"href":"https:\/\/www.instrumentbox.de\/index.php?rest_route=%2Fwp%2Fv2%2Fproduct_cat&post=1854"},{"taxonomy":"product_tag","embeddable":true,"href":"https:\/\/www.instrumentbox.de\/index.php?rest_route=%2Fwp%2Fv2%2Fproduct_tag&post=1854"}],"curies":[{"name":"wp","href":"https:\/\/api.w.org\/{rel}","templated":true}]}}