{"id":2132,"date":"2020-07-16T08:18:42","date_gmt":"2020-07-16T08:18:42","guid":{"rendered":"https:\/\/www.instrumentbox.de\/?product=yamaha-yvs-100-venova-casual-wind-instrument-mit-koffer-inklusive"},"modified":"2025-01-20T07:47:03","modified_gmt":"2025-01-20T06:47:03","slug":"yamaha-yvs-100-venova-casual-wind-instrument-mit-koffer-inklusive","status":"publish","type":"product","link":"https:\/\/www.instrumentbox.de\/?product=yamaha-yvs-100-venova-casual-wind-instrument-mit-koffer-inklusive","title":{"rendered":"Yamaha YVS-100 Venova Casual Blasinstrument mit Koffer, Wei\u00df"},"content":{"rendered":"<p><!-- show up to 2 reviews by default --> <\/p>\n<p>Das Venova ist ein v\u00f6llig neues Windinstrument mit einem einfachen Griffsystem mit Blockfl\u00f6ten-\u00e4hnlichem Ausdruck. Im Vergleich zu herk\u00f6mmlichen Windinstrumenten bietet es eine einfachere Wartung und eine h\u00f6here Lebensdauer. Kompakt und leicht \u2013 mit dem Venova k\u00f6nnen Sie Musik \u00fcberall genie\u00dfen. <\/p>\n<p>Geben Sie Ihr Modell ein, um sicherzustellen, dass dieser Artikel passt.<br \/>\nKombiniert die Einfachheit der Blockfl\u00f6te mit dem Klang des Saxophons<br \/>\nSatter, ausdrucksstarker Klang, der wie ein Saxophon spielt und klingt<br \/>\nVollchromatische Zwei-Oktavenbereich; einfache und leicht zu meisternde Griffweise, \u00e4hnlich wie die Blockfl\u00f6te<br \/>\nInklusive Hartschalenkoffer, Mundst\u00fcckkappe und speziellem Reinigungstupfer mit Kugelkette<br \/>\nLeicht und tragbar; wasserwaschbar, leicht zu reinigen.<br \/>\n<div class=\"main-cross-sell\" data-asin=\"B074R86GRQ\">\n\n\t<div class=\"WooZone-cross-sell-loader\">\n\t\t<div>\n\t\t\t<div id=\"floatingBarsG\">\n\t\t\t\t<div class=\"blockG\" id=\"rotateG_01\"><\/div>\n\t\t\t\t<div class=\"blockG\" id=\"rotateG_02\"><\/div>\n\t\t\t\t<div class=\"blockG\" id=\"rotateG_03\"><\/div>\n\t\t\t\t<div class=\"blockG\" id=\"rotateG_04\"><\/div>\n\t\t\t\t<div class=\"blockG\" id=\"rotateG_05\"><\/div>\n\t\t\t\t<div class=\"blockG\" id=\"rotateG_06\"><\/div>\n\t\t\t\t<div class=\"blockG\" id=\"rotateG_07\"><\/div>\n\t\t\t\t<div class=\"blockG\" id=\"rotateG_08\"><\/div>\n\t\t\t<\/div>\n\t\t\t<div class=\"WooZone-cross-sell-loader-text\"><\/div>\n\t\t<\/div>\n\t<\/div>\n\n\t\t\n<\/div>\n<div style=\"clear:both;\"><\/div>\n","protected":false},"excerpt":{"rendered":"<p>Geben Sie Ihr Modell ein, um sicherzustellen, dass dieser Artikel passt.<br \/>\nKombiniert die Einfachheit der Blockfl\u00f6te mit dem Klang des Saxophons<br \/>\nSatter, ausdrucksstarker Klang, der wie ein Saxophon spielt und klingt<\/p>\n","protected":false},"featured_media":2133,"comment_status":"open","ping_status":"closed","template":"","meta":{"_acf_changed":false,"rs_blank_template":"","rs_page_bg_color":"","slide_template_v7":""},"product_brand":[],"product_cat":[114,15],"product_tag":[],"class_list":{"0":"post-2132","1":"product","2":"type-product","3":"status-publish","4":"has-post-thumbnail","6":"product_cat-blasinstrument","7":"product_cat-shop","8":"pa_artikelgewicht-1-13-kg","9":"pa_brand-yamaha","10":"pa_durchschnittliche-kundenbewer-40-von-5-sternen-164-sternebewertungen-40-von-5-sternen","11":"pa_herstellungsland-indonesia","12":"pa_im-angebot-von-amazon-de-seit-18-oktober-2017","13":"pa_material-kunststoff","14":"pa_modellnummer-yvs-100","15":"pa_produktabmessungen-46-x-9-x-5-5-cm","16":"pa_zusammenbau-noetig-nein","18":"first","19":"instock","20":"shipping-taxable","21":"purchasable","22":"product-type-simple"},"acf":[],"_links":{"self":[{"href":"https:\/\/www.instrumentbox.de\/index.php?rest_route=\/wp\/v2\/product\/2132","targetHints":{"allow":["GET"]}}],"collection":[{"href":"https:\/\/www.instrumentbox.de\/index.php?rest_route=\/wp\/v2\/product"}],"about":[{"href":"https:\/\/www.instrumentbox.de\/index.php?rest_route=\/wp\/v2\/types\/product"}],"replies":[{"embeddable":true,"href":"https:\/\/www.instrumentbox.de\/index.php?rest_route=%2Fwp%2Fv2%2Fcomments&post=2132"}],"wp:featuredmedia":[{"embeddable":true,"href":"https:\/\/www.instrumentbox.de\/index.php?rest_route=\/wp\/v2\/media\/2133"}],"wp:attachment":[{"href":"https:\/\/www.instrumentbox.de\/index.php?rest_route=%2Fwp%2Fv2%2Fmedia&parent=2132"}],"wp:term":[{"taxonomy":"product_brand","embeddable":true,"href":"https:\/\/www.instrumentbox.de\/index.php?rest_route=%2Fwp%2Fv2%2Fproduct_brand&post=2132"},{"taxonomy":"product_cat","embeddable":true,"href":"https:\/\/www.instrumentbox.de\/index.php?rest_route=%2Fwp%2Fv2%2Fproduct_cat&post=2132"},{"taxonomy":"product_tag","embeddable":true,"href":"https:\/\/www.instrumentbox.de\/index.php?rest_route=%2Fwp%2Fv2%2Fproduct_tag&post=2132"}],"curies":[{"name":"wp","href":"https:\/\/api.w.org\/{rel}","templated":true}]}}