{"id":2160,"date":"2020-07-16T08:24:08","date_gmt":"2020-07-16T08:24:08","guid":{"rendered":"https:\/\/www.instrumentbox.de\/?product=classic-cantabile-posthorn-schallbecher-125mm-115mm-bohrung-inkl-mundstueck-tasche"},"modified":"2025-01-25T00:35:16","modified_gmt":"2025-01-24T23:35:16","slug":"classic-cantabile-posthorn-schallbecher-125mm-115mm-bohrung-inkl-mundstueck-tasche","status":"publish","type":"product","link":"https:\/\/www.instrumentbox.de\/?product=classic-cantabile-posthorn-schallbecher-125mm-115mm-bohrung-inkl-mundstueck-tasche","title":{"rendered":"Classic Cantabile Posthorn (Schallbecher 125mm, 11,5mm Bohrung, inkl. Mundst\u00fcck &amp; Tasche)"},"content":{"rendered":"<p><!-- show up to 2 reviews by default --><\/p>\n<p><b>Markteinf\u00fchrung | Nie dagewesenes Preis- \/ Leistungsverh\u00e4ltnis!<\/b><\/p>\n<p>Das Classic Cantabile Brass Posthorn \/ Jagdhorn ist nicht nur das ideale Instrument f\u00fcr zwischendurch, das allzeit ins<br \/>Handgep\u00e4ck passt, sondern auch eine vollwertige Trompete. Griffige Lederumwicklung sowie die gelungene Form passen<br \/>perfekt in das Gesamtkonzept des Instruments und versprechen somit best m\u00f6gliches Handling. Bequeme Ansprache und gute<br \/>Intonation sind hierbei genauso selbstverst\u00e4ndlich wie die einwandfreie Verarbeitung und Langlebigkeit. Durch das<br \/>mehrstufige Herstellungsverfahren garantiert Classic-Cantabile f\u00fcr seine Instrumente h\u00f6chsten Qualit\u00e4tsstandard zum<br \/>niedrigsten Preis.<\/p>\n<p>Der Durchmesser des Schallbechers betr\u00e4gt 125 mm, die Bohrung ist 11,5 mm gro\u00df.<\/p>\n<p><b>Maschine<\/b><br \/>Das Herzst\u00fcck eines jeden Blechbl\u00e4sers. Die Maschine jedes Classic Cantabile Brass Instruments wird vor Auslieferung<br \/>nochmals in unserer eigenen Bl\u00e4serwerkstatt auf Leichtg\u00e4ngigkeit und Verarbeitung kontrolliert. Diese Vorgehensweise ist<br \/>Garant f\u00fcr hohen Spielkomfort und zuverl\u00e4ssige Langlebigkeit.<\/p>\n<p><b>Tonqualit\u00e4t<\/b><br \/>Durch die Verwendung hochwertigster Materialien erreichen Classic Cantabile Brass Instrumente einen angenehmen<br \/>Klangcharakter \u00fcber alle Register. Mit solchen Eigenschaften liegen diese Instrumente weit an der Qualit\u00e4tsspitze ihrer<br \/>Preisklasse.<\/p>\n<p><b>Tasche<\/b><br \/>Neben den Handschlaufen verf\u00fcgt die Tasche \u00fcber einen abnehmbaren Riemen zur bequemen Schulterung. Das an der Au\u00dfenseite<br \/>angebrachte Zusatzfach bietet Ihnen Stauraum f\u00fcr Mundst\u00fcck und Co.<\/p>\n<p><b>Hochwertiges Posthorn mit Profi-Ausstattung, inklusive Mundst\u00fcck und Tasche!<\/b><\/p>\n<\/p>\n<p>Geben Sie Ihr Modell ein,um sicherzustellen, dass dieser Artikel passt.<br \/>\nHochwertiges Posthorn mit Profi-Ausstattung!<br \/>\nUnsere Qualit\u00e4tspr\u00fcfung ist Garant f\u00fcr hohen Spielkomfort und zuverl\u00e4ssige Langlebigkeit<br \/>\nDer Durchmesser des Schallbechers betr\u00e4gt 125 mm, die Bohrung ist 11,5 mm gro\u00df<br \/>\nInkl. Mundst\u00fcck und strapazierf\u00e4higerTasche<br \/>\nso ist Ihr Instrument auch beim Transport bestens gesch\u00fctzt.<br \/>\n<div class=\"main-cross-sell\" data-asin=\"B001AM3306\">\n\n\t<div class=\"WooZone-cross-sell-loader\">\n\t\t<div>\n\t\t\t<div id=\"floatingBarsG\">\n\t\t\t\t<div class=\"blockG\" id=\"rotateG_01\"><\/div>\n\t\t\t\t<div class=\"blockG\" id=\"rotateG_02\"><\/div>\n\t\t\t\t<div class=\"blockG\" id=\"rotateG_03\"><\/div>\n\t\t\t\t<div class=\"blockG\" id=\"rotateG_04\"><\/div>\n\t\t\t\t<div class=\"blockG\" id=\"rotateG_05\"><\/div>\n\t\t\t\t<div class=\"blockG\" id=\"rotateG_06\"><\/div>\n\t\t\t\t<div class=\"blockG\" id=\"rotateG_07\"><\/div>\n\t\t\t\t<div class=\"blockG\" id=\"rotateG_08\"><\/div>\n\t\t\t<\/div>\n\t\t\t<div class=\"WooZone-cross-sell-loader-text\"><\/div>\n\t\t<\/div>\n\t<\/div>\n\n\t\t\n<\/div>\n<div style=\"clear:both;\"><\/div>\n","protected":false},"excerpt":{"rendered":"<p>Geben Sie Ihr Modell ein,um sicherzustellen, dass dieser Artikel passt.<br \/>\nHochwertiges Posthorn mit Profi-Ausstattung!<br \/>\nUnsere Qualit\u00e4tspr\u00fcfung ist Garant f\u00fcr hohen Spielkomfort und zuverl\u00e4ssige Langlebigkeit<\/p>\n","protected":false},"featured_media":2161,"comment_status":"open","ping_status":"closed","template":"","meta":{"_acf_changed":false,"rs_blank_template":"","rs_page_bg_color":"","slide_template_v7":""},"product_brand":[],"product_cat":[114,15],"product_tag":[],"class_list":{"0":"post-2160","1":"product","2":"type-product","3":"status-publish","4":"has-post-thumbnail","6":"product_cat-blasinstrument","7":"product_cat-shop","8":"pa_artikelgewicht-3-6-kg","9":"pa_brand-classic-cantabile","10":"pa_modellnummer-1143","11":"pa_verpackungsabmessungen-37-x-34-6-x-17-8-cm","13":"first","14":"instock","15":"shipping-taxable","16":"purchasable","17":"product-type-simple"},"acf":[],"_links":{"self":[{"href":"https:\/\/www.instrumentbox.de\/index.php?rest_route=\/wp\/v2\/product\/2160","targetHints":{"allow":["GET"]}}],"collection":[{"href":"https:\/\/www.instrumentbox.de\/index.php?rest_route=\/wp\/v2\/product"}],"about":[{"href":"https:\/\/www.instrumentbox.de\/index.php?rest_route=\/wp\/v2\/types\/product"}],"replies":[{"embeddable":true,"href":"https:\/\/www.instrumentbox.de\/index.php?rest_route=%2Fwp%2Fv2%2Fcomments&post=2160"}],"wp:featuredmedia":[{"embeddable":true,"href":"https:\/\/www.instrumentbox.de\/index.php?rest_route=\/wp\/v2\/media\/2161"}],"wp:attachment":[{"href":"https:\/\/www.instrumentbox.de\/index.php?rest_route=%2Fwp%2Fv2%2Fmedia&parent=2160"}],"wp:term":[{"taxonomy":"product_brand","embeddable":true,"href":"https:\/\/www.instrumentbox.de\/index.php?rest_route=%2Fwp%2Fv2%2Fproduct_brand&post=2160"},{"taxonomy":"product_cat","embeddable":true,"href":"https:\/\/www.instrumentbox.de\/index.php?rest_route=%2Fwp%2Fv2%2Fproduct_cat&post=2160"},{"taxonomy":"product_tag","embeddable":true,"href":"https:\/\/www.instrumentbox.de\/index.php?rest_route=%2Fwp%2Fv2%2Fproduct_tag&post=2160"}],"curies":[{"name":"wp","href":"https:\/\/api.w.org\/{rel}","templated":true}]}}