{"id":2809,"date":"2020-07-20T10:36:10","date_gmt":"2020-07-20T10:36:10","guid":{"rendered":"https:\/\/www.instrumentbox.de\/?product=musik-alley-klassische-akustische-gitarre-kinder-gitarre-junior-gitarre-blau"},"modified":"2024-01-03T02:44:27","modified_gmt":"2024-01-03T01:44:27","slug":"musik-alley-klassische-akustische-gitarre-kinder-gitarre-junior-gitarre-blau","status":"publish","type":"product","link":"https:\/\/www.instrumentbox.de\/?product=musik-alley-klassische-akustische-gitarre-kinder-gitarre-junior-gitarre-blau","title":{"rendered":"Music Alley MA-52 Classical Acoustic Guitar Kids Guitar and Junior Guitar Blue"},"content":{"rendered":"<p><!-- show up to 2 reviews by default --> <\/p>\n<p>Das Music Alley Junior Classic Classical Guitar Pack ist ideal f\u00fcr Kinder von 3-6 Jahren. Die Verwendung von Nylon-Saiten macht es f\u00fcr kleine H\u00e4nde und Finger viel einfacher, die Saiten als Metallsaiten zu halten. Die kompakte Gr\u00f6\u00dfe macht diese Gitarre leicht zu halten und zu spielen, ist in einer Vielzahl von Farben erh\u00e4ltlich. Die Gitarre wird mit einer Nylon-Tragetasche mit Rei\u00dfverschluss und Tragegriff geliefert. F\u00fcr den kleinen Anf\u00e4nger ist dies ein ideales erstes Instrument, das gut gestimmt und gespielt werden kann, was als ein guter erster Schritt zum Erlernen des Gitarrenspiels verwendet werden kann. <\/p>\n<p>Geben Sie Ihr Modell ein, um sicherzustellen, dass dieser Artikel passt.<br \/>\nJunior Gr\u00f6\u00dfe Nylon besaitete klassische Gitarre<br \/>\ngeeignet f\u00fcr 3-7 Jahre<br \/>\nenth\u00e4lt Tragetasche<br \/>\n<div class=\"main-cross-sell\" data-asin=\"B002S0NK4I\">\n\n\t<div class=\"WooZone-cross-sell-loader\">\n\t\t<div>\n\t\t\t<div id=\"floatingBarsG\">\n\t\t\t\t<div class=\"blockG\" id=\"rotateG_01\"><\/div>\n\t\t\t\t<div class=\"blockG\" id=\"rotateG_02\"><\/div>\n\t\t\t\t<div class=\"blockG\" id=\"rotateG_03\"><\/div>\n\t\t\t\t<div class=\"blockG\" id=\"rotateG_04\"><\/div>\n\t\t\t\t<div class=\"blockG\" id=\"rotateG_05\"><\/div>\n\t\t\t\t<div class=\"blockG\" id=\"rotateG_06\"><\/div>\n\t\t\t\t<div class=\"blockG\" id=\"rotateG_07\"><\/div>\n\t\t\t\t<div class=\"blockG\" id=\"rotateG_08\"><\/div>\n\t\t\t<\/div>\n\t\t\t<div class=\"WooZone-cross-sell-loader-text\"><\/div>\n\t\t<\/div>\n\t<\/div>\n\n\t\t\n<\/div>\n<div style=\"clear:both;\"><\/div>\n","protected":false},"excerpt":{"rendered":"<p>Geben Sie Ihr Modell ein, um sicherzustellen, dass dieser Artikel passt.<br \/>\nJunior Gr\u00f6\u00dfe Nylon besaitete klassische Gitarre<br \/>\ngeeignet f\u00fcr 3-7 Jahre<\/p>\n","protected":false},"featured_media":2810,"comment_status":"open","ping_status":"closed","template":"","meta":{"_acf_changed":false,"rs_blank_template":"","rs_page_bg_color":"","slide_template_v7":""},"product_brand":[],"product_cat":[63,15],"product_tag":[],"class_list":{"0":"post-2809","1":"product","2":"type-product","3":"status-publish","4":"has-post-thumbnail","6":"product_cat-kinderinstrumente","7":"product_cat-shop","8":"pa_brand-music-alley","10":"first","11":"instock","12":"shipping-taxable","13":"purchasable","14":"product-type-simple"},"acf":[],"_links":{"self":[{"href":"https:\/\/www.instrumentbox.de\/index.php?rest_route=\/wp\/v2\/product\/2809","targetHints":{"allow":["GET"]}}],"collection":[{"href":"https:\/\/www.instrumentbox.de\/index.php?rest_route=\/wp\/v2\/product"}],"about":[{"href":"https:\/\/www.instrumentbox.de\/index.php?rest_route=\/wp\/v2\/types\/product"}],"replies":[{"embeddable":true,"href":"https:\/\/www.instrumentbox.de\/index.php?rest_route=%2Fwp%2Fv2%2Fcomments&post=2809"}],"wp:featuredmedia":[{"embeddable":true,"href":"https:\/\/www.instrumentbox.de\/index.php?rest_route=\/wp\/v2\/media\/2810"}],"wp:attachment":[{"href":"https:\/\/www.instrumentbox.de\/index.php?rest_route=%2Fwp%2Fv2%2Fmedia&parent=2809"}],"wp:term":[{"taxonomy":"product_brand","embeddable":true,"href":"https:\/\/www.instrumentbox.de\/index.php?rest_route=%2Fwp%2Fv2%2Fproduct_brand&post=2809"},{"taxonomy":"product_cat","embeddable":true,"href":"https:\/\/www.instrumentbox.de\/index.php?rest_route=%2Fwp%2Fv2%2Fproduct_cat&post=2809"},{"taxonomy":"product_tag","embeddable":true,"href":"https:\/\/www.instrumentbox.de\/index.php?rest_route=%2Fwp%2Fv2%2Fproduct_tag&post=2809"}],"curies":[{"name":"wp","href":"https:\/\/api.w.org\/{rel}","templated":true}]}}