{"id":3224,"date":"2020-07-20T11:08:53","date_gmt":"2020-07-20T11:08:53","guid":{"rendered":"https:\/\/www.instrumentbox.de\/?product=ibanez-grx70qa-trb-e-gitarre-rot-transparent-red-burst"},"modified":"2025-01-23T00:20:24","modified_gmt":"2025-01-22T23:20:24","slug":"ibanez-grx70qa-trb-e-gitarre-rot-transparent-red-burst","status":"publish","type":"product","link":"https:\/\/www.instrumentbox.de\/?product=ibanez-grx70qa-trb-e-gitarre-rot-transparent-red-burst","title":{"rendered":"Ibanez Gio RG Series GRX70QA-TRB &#8211; Electric Guitar &#8211; Transparent Red Burst"},"content":{"rendered":"<p><!-- show up to 2 reviews by default --> <\/p>\n<p>Mit einem flexiblen Tonabnehmer-Setup und klassischem Quilted Maple Look hat die Ibanez GRX70QA aus der Gio Serie sowohl f\u00fcr Ohr als auch Auge einiges zu bieten. Zwei Ibanez Infinity R Humbucker und ein Infinity RS Single Coil in mittlerer Position r\u00fcsten die GRX70CA f\u00fcr moderne Einsatzbereiche von sauberem Jazz und Funk bis zu den zerrenden Regionen des Hard Rock und Metal. Nat\u00fcrlich ist der ultra-schlanke Ibanez GRX-Hals \u00fcber den ergonomischen Ibanez All Access Neck Joint mit dem Korpus verbunden, wodurch das Spiel in den hohen Lagen des Griffbretts locker aus der Hand geht. <\/p>\n<p>Geben Sie Ihr Modell ein, um sicherzustellen, dass dieser Artikel passt.<br \/>\nKlassischer Quilted Maple Look<br \/>\nZwei Ibanez Infinity R Humbucker und ein Infinity RS Single Coil in mittlerer Position<br \/>\nSchlanker Ibanez GRX-Hals mit ergonomischem Ibanez All Access Neck Joint<br \/>\nAhornhals mit Jatobagriffbrett, Whoite Dot Inlays und Medium B\u00fcnden<br \/>\nFarbe TRB &#8211; Transparent Red Burst<br \/>\n<div class=\"main-cross-sell\" data-asin=\"B01LXOO4QO\">\n\n\t<div class=\"WooZone-cross-sell-loader\">\n\t\t<div>\n\t\t\t<div id=\"floatingBarsG\">\n\t\t\t\t<div class=\"blockG\" id=\"rotateG_01\"><\/div>\n\t\t\t\t<div class=\"blockG\" id=\"rotateG_02\"><\/div>\n\t\t\t\t<div class=\"blockG\" id=\"rotateG_03\"><\/div>\n\t\t\t\t<div class=\"blockG\" id=\"rotateG_04\"><\/div>\n\t\t\t\t<div class=\"blockG\" id=\"rotateG_05\"><\/div>\n\t\t\t\t<div class=\"blockG\" id=\"rotateG_06\"><\/div>\n\t\t\t\t<div class=\"blockG\" id=\"rotateG_07\"><\/div>\n\t\t\t\t<div class=\"blockG\" id=\"rotateG_08\"><\/div>\n\t\t\t<\/div>\n\t\t\t<div class=\"WooZone-cross-sell-loader-text\"><\/div>\n\t\t<\/div>\n\t<\/div>\n\n\t\t\n<\/div>\n<div style=\"clear:both;\"><\/div>\n","protected":false},"excerpt":{"rendered":"<p>Geben Sie Ihr Modell ein, um sicherzustellen, dass dieser Artikel passt.<br \/>\nKlassischer Quilted Maple Look<br \/>\nZwei Ibanez Infinity R Humbucker und ein Infinity RS Single Coil in mittlerer Position<\/p>\n","protected":false},"featured_media":3225,"comment_status":"open","ping_status":"closed","template":"","meta":{"_acf_changed":false,"rs_blank_template":"","rs_page_bg_color":"","slide_template_v7":""},"product_brand":[],"product_cat":[38,15],"product_tag":[],"class_list":{"0":"post-3224","1":"product","2":"type-product","3":"status-publish","4":"has-post-thumbnail","6":"product_cat-gitarre","7":"product_cat-shop","8":"pa_brand-ibanez","10":"first","11":"instock","12":"shipping-taxable","13":"purchasable","14":"product-type-simple"},"acf":[],"_links":{"self":[{"href":"https:\/\/www.instrumentbox.de\/index.php?rest_route=\/wp\/v2\/product\/3224","targetHints":{"allow":["GET"]}}],"collection":[{"href":"https:\/\/www.instrumentbox.de\/index.php?rest_route=\/wp\/v2\/product"}],"about":[{"href":"https:\/\/www.instrumentbox.de\/index.php?rest_route=\/wp\/v2\/types\/product"}],"replies":[{"embeddable":true,"href":"https:\/\/www.instrumentbox.de\/index.php?rest_route=%2Fwp%2Fv2%2Fcomments&post=3224"}],"wp:featuredmedia":[{"embeddable":true,"href":"https:\/\/www.instrumentbox.de\/index.php?rest_route=\/wp\/v2\/media\/3225"}],"wp:attachment":[{"href":"https:\/\/www.instrumentbox.de\/index.php?rest_route=%2Fwp%2Fv2%2Fmedia&parent=3224"}],"wp:term":[{"taxonomy":"product_brand","embeddable":true,"href":"https:\/\/www.instrumentbox.de\/index.php?rest_route=%2Fwp%2Fv2%2Fproduct_brand&post=3224"},{"taxonomy":"product_cat","embeddable":true,"href":"https:\/\/www.instrumentbox.de\/index.php?rest_route=%2Fwp%2Fv2%2Fproduct_cat&post=3224"},{"taxonomy":"product_tag","embeddable":true,"href":"https:\/\/www.instrumentbox.de\/index.php?rest_route=%2Fwp%2Fv2%2Fproduct_tag&post=3224"}],"curies":[{"name":"wp","href":"https:\/\/api.w.org\/{rel}","templated":true}]}}