{"id":3400,"date":"2020-07-20T11:23:19","date_gmt":"2020-07-20T11:23:19","guid":{"rendered":"https:\/\/www.instrumentbox.de\/?product=rocktile-pro-jb-30bk-70s-deluxe-e-bass-black"},"modified":"2025-01-24T03:52:39","modified_gmt":"2025-01-24T02:52:39","slug":"rocktile-pro-jb-30bk-70s-deluxe-e-bass-black","status":"publish","type":"product","link":"https:\/\/www.instrumentbox.de\/?product=rocktile-pro-jb-30bk-70s-deluxe-e-bass-black","title":{"rendered":"Rocktile Pro JB-30BK 70&#8217;s Deluxe E-Bass &#8211; Jazz-Style E-Bass &#8211; Body: Pappel &#8211; Hals: Ahorn &#8211; Griffbrett: Engineered Wood &#8211; 2 Single-Coil Tonabnehmer &#8211; 2 Volume-\/ 1 Toneregler &#8211; Schwarz"},"content":{"rendered":"<div class=\"disclaim\"> Stil:<strong>Deluxe E-Bass<\/strong> <\/div>\n<p> <!-- show up to 2 reviews by default --> <\/p>\n<p>E-Bass im klassischen Jazz Bass Design!<br \/>Der Rocktile E-Bass aus der Pro-Serie im klassischen Jazz Bass-Outfit und sch\u00f6nem 70th Deluxe Finish mit perlmuttrotem Pickguard sieht nicht nur cool aus, sondern hat auch in Sachen Soundvielfalt einiges zu bieten.<br \/>Mit den zwei getrennten Volumereglern lassen sich die beiden Single-Coil Tonabnehmer separat zumischen und somit unterschiedlichste Soundvarianten abdecken. Mit dem Tone-Regler k\u00f6nnen Sie weiter feinste Nuancen in Ihren Sound bringen. Der JB-30 deckt somit ein breites Soundspektrum von jazzig warmen T\u00f6nen bis hin zu fettem Rock m\u00fchelos ab.<br \/>Nicht nur der Sound macht&#8217;s, auch die Optik spielt bei Instrumenten eine Rolle!<br \/>Wer will schon mit einem h\u00e4sslichen Instrument auf der B\u00fchne stehen? Eben, Niemand! Deshalb ist der Rocktile JB-30 aus hochwertigen H\u00f6lzern gefertigt und in edlem 70th deluxe Finish vollendet. Die Chrom-Hardware verleiht dem Instrument durch die tolle Verarbeitung zus\u00e4tzlichen Glanz &#8211; somit sind einem die Blicke der Fans beim n\u00e4chsten Konzert sicher!<br \/>Dieser Bass wurde von Profis getestet:<br \/>&#8220;Noch nie war ein Bass in dieser Preisklasse so gut. Er besitzt eine unfassbar gute Bespielbarkeit, liegt super in der Hand und klingt besser als so mancher 500 \u20ac Bass. Der JB-30 ist definitiv mehr wert als er kostet!&#8221; <\/p>\n<p>Geben Sie Ihr Modell ein, um sicherzustellen, dass dieser Artikel passt.<br \/>\nRocktile Jazz-Style E-Bass, zwei Single-Coil Tonabnehmer und zwei Volume-\/Ein Toneregler<br \/>\nPalisander Griffbrett, Ahorn Hals und Lindenholz Korpus<br \/>\nChrom-Hardware und 20 B\u00fcnde<br \/>\n70th Deluxe Finish<br \/>\n<div class=\"main-cross-sell\" data-asin=\"B002TMLSF8\">\n\n\t<div class=\"WooZone-cross-sell-loader\">\n\t\t<div>\n\t\t\t<div id=\"floatingBarsG\">\n\t\t\t\t<div class=\"blockG\" id=\"rotateG_01\"><\/div>\n\t\t\t\t<div class=\"blockG\" id=\"rotateG_02\"><\/div>\n\t\t\t\t<div class=\"blockG\" id=\"rotateG_03\"><\/div>\n\t\t\t\t<div class=\"blockG\" id=\"rotateG_04\"><\/div>\n\t\t\t\t<div class=\"blockG\" id=\"rotateG_05\"><\/div>\n\t\t\t\t<div class=\"blockG\" id=\"rotateG_06\"><\/div>\n\t\t\t\t<div class=\"blockG\" id=\"rotateG_07\"><\/div>\n\t\t\t\t<div class=\"blockG\" id=\"rotateG_08\"><\/div>\n\t\t\t<\/div>\n\t\t\t<div class=\"WooZone-cross-sell-loader-text\"><\/div>\n\t\t<\/div>\n\t<\/div>\n\n\t\t\n<\/div>\n<div style=\"clear:both;\"><\/div>\n","protected":false},"excerpt":{"rendered":"<p>Geben Sie Ihr Modell ein, um sicherzustellen, dass dieser Artikel passt.<br \/>\nRocktile Jazz-Style E-Bass, zwei Single-Coil Tonabnehmer und zwei Volume-\/Ein Toneregler<br \/>\nPalisander Griffbrett, Ahorn Hals und Lindenholz Korpus<\/p>\n","protected":false},"featured_media":3401,"comment_status":"open","ping_status":"closed","template":"","meta":{"_acf_changed":false,"rs_blank_template":"","rs_page_bg_color":"","slide_template_v7":""},"product_brand":[],"product_cat":[38,15],"product_tag":[],"class_list":{"0":"post-3400","1":"product","2":"type-product","3":"status-publish","4":"has-post-thumbnail","6":"product_cat-gitarre","7":"product_cat-shop","8":"pa_brand-rocktile","10":"first","11":"instock","12":"shipping-taxable","13":"purchasable","14":"product-type-simple"},"acf":[],"_links":{"self":[{"href":"https:\/\/www.instrumentbox.de\/index.php?rest_route=\/wp\/v2\/product\/3400","targetHints":{"allow":["GET"]}}],"collection":[{"href":"https:\/\/www.instrumentbox.de\/index.php?rest_route=\/wp\/v2\/product"}],"about":[{"href":"https:\/\/www.instrumentbox.de\/index.php?rest_route=\/wp\/v2\/types\/product"}],"replies":[{"embeddable":true,"href":"https:\/\/www.instrumentbox.de\/index.php?rest_route=%2Fwp%2Fv2%2Fcomments&post=3400"}],"wp:featuredmedia":[{"embeddable":true,"href":"https:\/\/www.instrumentbox.de\/index.php?rest_route=\/wp\/v2\/media\/3401"}],"wp:attachment":[{"href":"https:\/\/www.instrumentbox.de\/index.php?rest_route=%2Fwp%2Fv2%2Fmedia&parent=3400"}],"wp:term":[{"taxonomy":"product_brand","embeddable":true,"href":"https:\/\/www.instrumentbox.de\/index.php?rest_route=%2Fwp%2Fv2%2Fproduct_brand&post=3400"},{"taxonomy":"product_cat","embeddable":true,"href":"https:\/\/www.instrumentbox.de\/index.php?rest_route=%2Fwp%2Fv2%2Fproduct_cat&post=3400"},{"taxonomy":"product_tag","embeddable":true,"href":"https:\/\/www.instrumentbox.de\/index.php?rest_route=%2Fwp%2Fv2%2Fproduct_tag&post=3400"}],"curies":[{"name":"wp","href":"https:\/\/api.w.org\/{rel}","templated":true}]}}