{"id":3530,"date":"2020-07-20T11:27:20","date_gmt":"2020-07-20T11:27:20","guid":{"rendered":"https:\/\/www.instrumentbox.de\/?product=rocktile-sphere-junior-e-gitarre-3-4-schwarz-gitarren-schule"},"modified":"2025-01-08T09:39:50","modified_gmt":"2025-01-08T08:39:50","slug":"rocktile-sphere-junior-e-gitarre-3-4-schwarz-gitarren-schule","status":"publish","type":"product","link":"https:\/\/www.instrumentbox.de\/?product=rocktile-sphere-junior-e-gitarre-3-4-schwarz-gitarren-schule","title":{"rendered":"Rocktile Sphere Junior E-Gitarre 3\/4 Schwarz + Gitarren-Schule"},"content":{"rendered":"<p><!-- show up to 2 reviews by default --> <\/p>\n<p><b>Die ultimative E-Gitarre f\u00fcr kommende Rockstars!<\/b><\/p>\n<p>Die neuen Rocktile Sphere Gitarren sind in der Form den klassischen ST-Modellen nachempfunden und proportional auf die<br \/>Gr\u00f6\u00dfe junger Nachwuchs-Rockmusiker angepasst.<\/p>\n<p>Dabei lassen die Rocktile Junior E-Gitarren in Sachen Ausstattung und Verarbeitung keine W\u00fcnsche \u00fcbrig. Professionelle<br \/>Hardware und Tonabnehmer sorgen f\u00fcr erstklassigen Sound und lange anhaltende Spielfreude. Auch optisch l\u00e4sst die Gitarre<br \/>nichts anbrennen: mit ihrem matten Finish und dem klassisch wei\u00dfen Schlagbrett macht sie auf der B\u00fchne eine wirklich gute<br \/>Figur.<\/p>\n<p>Die Rocktile Sphere Junior ist mit einem Humbucker und einem Singlecoil-Tonabnehmer best\u00fcckt, die sich \u00fcber den<br \/>PickUp-Wahlschalter kombinieren und schalten lassen. Mit je einem Ton- und einem Volumeregler l\u00e4sst sich dabei der Sound<br \/>individuell einstellen.<\/p>\n<p>Dank Ihres leichten Gewichts und der einfachen Bespielbarkeit ist die Rocktile Sphere Junior in 3\/4-Gr\u00f6\u00dfe das ideale<br \/>Instrument f\u00fcr Kinder zwischen 7 und 12 Jahren. Sowohl f\u00fcr Anf\u00e4nger als auch f\u00fcr fortgeschrittene Nachwuchsmusiker ist<br \/>die Gitarre die absolut richtige Wahl.<\/p>\n<p><b>Anf\u00e4ngerkurs Electric Guitar Basics + CD<\/b><br \/>Kurz und b\u00fcndig wird hier das wichtigste zu Theorie, Einzelton- und Akkordspiel beschrieben. Zus\u00e4tzlich erfahren Sie<br \/>n\u00fctzliches \u00fcber Power-Chords und k\u00f6nnen anhand der beiliegenden CD sofort ins E-Gitarrenspiel einsteigen. Basiswissen<br \/>kompakt.<\/p>\n<\/p>\n<p>Geben Sie Ihr Modell ein, um sicherzustellen, dass dieser Artikel passt.<br \/>\nKindergitarre in 3\/4-Gr\u00f6\u00dfe<br \/>\nvollwertiges Sch\u00fclerinstrument &#8211; kein Spielzeug!<br \/>\nperfekt f\u00fcr Anf\u00e4nger im Alter von 7-10 Jahren geeignet<br \/>\ninklusive E-Gitarren Schule mit beiliegender CD<br \/>\n<div class=\"main-cross-sell\" data-asin=\"B00DWBT79E\">\n\n\t<div class=\"WooZone-cross-sell-loader\">\n\t\t<div>\n\t\t\t<div id=\"floatingBarsG\">\n\t\t\t\t<div class=\"blockG\" id=\"rotateG_01\"><\/div>\n\t\t\t\t<div class=\"blockG\" id=\"rotateG_02\"><\/div>\n\t\t\t\t<div class=\"blockG\" id=\"rotateG_03\"><\/div>\n\t\t\t\t<div class=\"blockG\" id=\"rotateG_04\"><\/div>\n\t\t\t\t<div class=\"blockG\" id=\"rotateG_05\"><\/div>\n\t\t\t\t<div class=\"blockG\" id=\"rotateG_06\"><\/div>\n\t\t\t\t<div class=\"blockG\" id=\"rotateG_07\"><\/div>\n\t\t\t\t<div class=\"blockG\" id=\"rotateG_08\"><\/div>\n\t\t\t<\/div>\n\t\t\t<div class=\"WooZone-cross-sell-loader-text\"><\/div>\n\t\t<\/div>\n\t<\/div>\n\n\t\t\n<\/div>\n<div style=\"clear:both;\"><\/div>\n","protected":false},"excerpt":{"rendered":"<p>Geben Sie Ihr Modell ein, um sicherzustellen, dass dieser Artikel passt.<br \/>\nKindergitarre in 3\/4-Gr\u00f6\u00dfe<br \/>\nvollwertiges Sch\u00fclerinstrument &#8211; kein Spielzeug!<\/p>\n","protected":false},"featured_media":3531,"comment_status":"open","ping_status":"closed","template":"","meta":{"_acf_changed":false,"rs_blank_template":"","rs_page_bg_color":"","slide_template_v7":""},"product_brand":[],"product_cat":[38,15],"product_tag":[],"class_list":{"0":"post-3530","1":"product","2":"type-product","3":"status-publish","4":"has-post-thumbnail","6":"product_cat-gitarre","7":"product_cat-shop","8":"pa_brand-rocktile","10":"first","11":"instock","12":"shipping-taxable","13":"purchasable","14":"product-type-simple"},"acf":[],"_links":{"self":[{"href":"https:\/\/www.instrumentbox.de\/index.php?rest_route=\/wp\/v2\/product\/3530","targetHints":{"allow":["GET"]}}],"collection":[{"href":"https:\/\/www.instrumentbox.de\/index.php?rest_route=\/wp\/v2\/product"}],"about":[{"href":"https:\/\/www.instrumentbox.de\/index.php?rest_route=\/wp\/v2\/types\/product"}],"replies":[{"embeddable":true,"href":"https:\/\/www.instrumentbox.de\/index.php?rest_route=%2Fwp%2Fv2%2Fcomments&post=3530"}],"wp:featuredmedia":[{"embeddable":true,"href":"https:\/\/www.instrumentbox.de\/index.php?rest_route=\/wp\/v2\/media\/3531"}],"wp:attachment":[{"href":"https:\/\/www.instrumentbox.de\/index.php?rest_route=%2Fwp%2Fv2%2Fmedia&parent=3530"}],"wp:term":[{"taxonomy":"product_brand","embeddable":true,"href":"https:\/\/www.instrumentbox.de\/index.php?rest_route=%2Fwp%2Fv2%2Fproduct_brand&post=3530"},{"taxonomy":"product_cat","embeddable":true,"href":"https:\/\/www.instrumentbox.de\/index.php?rest_route=%2Fwp%2Fv2%2Fproduct_cat&post=3530"},{"taxonomy":"product_tag","embeddable":true,"href":"https:\/\/www.instrumentbox.de\/index.php?rest_route=%2Fwp%2Fv2%2Fproduct_tag&post=3530"}],"curies":[{"name":"wp","href":"https:\/\/api.w.org\/{rel}","templated":true}]}}