{"id":3646,"date":"2020-07-20T11:36:59","date_gmt":"2020-07-20T11:36:59","guid":{"rendered":"https:\/\/www.instrumentbox.de\/?product=roland-boutique-tb-03-synthesizer"},"modified":"2025-01-23T04:22:01","modified_gmt":"2025-01-23T03:22:01","slug":"roland-boutique-tb-03-synthesizer","status":"publish","type":"product","link":"https:\/\/www.instrumentbox.de\/?product=roland-boutique-tb-03-synthesizer","title":{"rendered":"Roland TB-03 Boutique Bass Line Synthesizer"},"content":{"rendered":"<div class=\"disclaim\"> Stil:<strong>TB-03<\/strong> <\/div>\n<p> <!-- show up to 2 reviews by default --> <\/p>\n<p>Der kultige TB-303-Sound in deiner HandDie batteriebetriebene TB-03 ist der direkte Nachfolger des legend\u00e4ren TB-303 Bass Line Synths. Die Regler und ihre Anordnung entsprechen bei der Neuauflage exakt dem Original. Und auch der Sound klingt, dank Rolands weiterentwickelter ACB-Technologie, wie die hypnotisierenden Liquid-Grooves des silbernen Zauberkastens. Mit einigen Weiterentwicklungen geht die TB-03 jedoch noch weiter, als das Original: Mit dem vierstelligen LED-Display kann man schneller und genauer programmieren, w\u00e4hrend Overdrive- und Delay-Effekte ein m\u00e4chtiges Sound-Brett erzeugen, das die Menge in Ekstase versetzt. Im Studio kann die TB-03 \u00fcber ihre MIDI-Buchsen oder den USB-Port in das Setup eingebunden werden. Letzterer fungiert dar\u00fcber hinaus als 24-Bit\/96kHz-Audio Interface. <\/p>\n<p>Geben Sie Ihr Modell ein, um sicherzustellen, dass dieser Artikel passt.<br \/>\nRealistische Nachbildung der legend\u00e4ren TB-303<br \/>\nModerne Funktionen f\u00fcr moderne Produzenten<br \/>\nIntegrierter aktiver Lautsprecher und Kopfh\u00f6reranschluss<br \/>\nMIDI Ein-\/Ausgang und USB<br \/>\nEinfacher Transport f\u00fcr mobiles Musizieren<br \/>\nHochwertige Konstruktion mit Frontpanel aus Metall<br \/>\n<div class=\"main-cross-sell\" data-asin=\"B01LJGT0PO\">\n\n\t<div class=\"WooZone-cross-sell-loader\">\n\t\t<div>\n\t\t\t<div id=\"floatingBarsG\">\n\t\t\t\t<div class=\"blockG\" id=\"rotateG_01\"><\/div>\n\t\t\t\t<div class=\"blockG\" id=\"rotateG_02\"><\/div>\n\t\t\t\t<div class=\"blockG\" id=\"rotateG_03\"><\/div>\n\t\t\t\t<div class=\"blockG\" id=\"rotateG_04\"><\/div>\n\t\t\t\t<div class=\"blockG\" id=\"rotateG_05\"><\/div>\n\t\t\t\t<div class=\"blockG\" id=\"rotateG_06\"><\/div>\n\t\t\t\t<div class=\"blockG\" id=\"rotateG_07\"><\/div>\n\t\t\t\t<div class=\"blockG\" id=\"rotateG_08\"><\/div>\n\t\t\t<\/div>\n\t\t\t<div class=\"WooZone-cross-sell-loader-text\"><\/div>\n\t\t<\/div>\n\t<\/div>\n\n\t\t\n<\/div>\n<div style=\"clear:both;\"><\/div>\n","protected":false},"excerpt":{"rendered":"<p>Geben Sie Ihr Modell ein, um sicherzustellen, dass dieser Artikel passt.<br \/>\nRealistische Nachbildung der legend\u00e4ren TB-303<br \/>\nModerne Funktionen f\u00fcr moderne Produzenten<\/p>\n","protected":false},"featured_media":3647,"comment_status":"open","ping_status":"closed","template":"","meta":{"_acf_changed":false,"rs_blank_template":"","rs_page_bg_color":"","slide_template_v7":""},"product_brand":[],"product_cat":[15,48],"product_tag":[],"class_list":{"0":"post-3646","1":"product","2":"type-product","3":"status-publish","4":"has-post-thumbnail","6":"product_cat-shop","7":"product_cat-synthesizer","8":"pa_brand-roland","10":"first","11":"instock","12":"shipping-taxable","13":"purchasable","14":"product-type-simple"},"acf":[],"_links":{"self":[{"href":"https:\/\/www.instrumentbox.de\/index.php?rest_route=\/wp\/v2\/product\/3646","targetHints":{"allow":["GET"]}}],"collection":[{"href":"https:\/\/www.instrumentbox.de\/index.php?rest_route=\/wp\/v2\/product"}],"about":[{"href":"https:\/\/www.instrumentbox.de\/index.php?rest_route=\/wp\/v2\/types\/product"}],"replies":[{"embeddable":true,"href":"https:\/\/www.instrumentbox.de\/index.php?rest_route=%2Fwp%2Fv2%2Fcomments&post=3646"}],"wp:featuredmedia":[{"embeddable":true,"href":"https:\/\/www.instrumentbox.de\/index.php?rest_route=\/wp\/v2\/media\/3647"}],"wp:attachment":[{"href":"https:\/\/www.instrumentbox.de\/index.php?rest_route=%2Fwp%2Fv2%2Fmedia&parent=3646"}],"wp:term":[{"taxonomy":"product_brand","embeddable":true,"href":"https:\/\/www.instrumentbox.de\/index.php?rest_route=%2Fwp%2Fv2%2Fproduct_brand&post=3646"},{"taxonomy":"product_cat","embeddable":true,"href":"https:\/\/www.instrumentbox.de\/index.php?rest_route=%2Fwp%2Fv2%2Fproduct_cat&post=3646"},{"taxonomy":"product_tag","embeddable":true,"href":"https:\/\/www.instrumentbox.de\/index.php?rest_route=%2Fwp%2Fv2%2Fproduct_tag&post=3646"}],"curies":[{"name":"wp","href":"https:\/\/api.w.org\/{rel}","templated":true}]}}