{"id":3932,"date":"2020-07-20T11:58:18","date_gmt":"2020-07-20T11:58:18","guid":{"rendered":"https:\/\/www.instrumentbox.de\/?product=arturia-keylab-essential-61-tastatur"},"modified":"2024-01-03T06:48:00","modified_gmt":"2024-01-03T05:48:00","slug":"arturia-keylab-essential-61-tastatur","status":"publish","type":"product","link":"https:\/\/www.instrumentbox.de\/?product=arturia-keylab-essential-61-tastatur","title":{"rendered":"Arturia Keylab Essential 61 &#8211; 61er MIDI-Contoller-Tastatur"},"content":{"rendered":"<p><!-- show up to 2 reviews by default --> <\/p>\n<p>Arturia Keylab 61 Essential bietet Ihnen alles, was Sie brauchen, um Musik zu komponieren, zu spielen und zu modifizieren: ein Keyboard, mit dem Sie Ihren Part perfektionieren k\u00f6nnen; ein virtuelles Studie, um Ihre Ideen aufzuzeichnen; eine Vielzahl an Sounds, die Ihrer Kreativit\u00e4t Raum geben; und Regler zur Optimierung der Klangqualit\u00e4t. Arturia ist Vorreiter in der Musikwelt und schuf das KeyLab Essential, um ein perfektes Gleichgewicht zwischen leistungsstarken Funktionen, unglaublichen Sounds, einer haltbaren Konstruktion und einem inspirierten Design zu einem g\u00fcnstigen Preis zu bieten. <\/p>\n<p>Geben Sie Ihr Modell ein, um sicherzustellen, dass dieser Artikel passt.<br \/>\nUSB-MIDI-Masterkeyboard mit Softwarebundle und 61 Tasten<br \/>\nhochwertiger, flexibler MIDI Controller<br \/>\nEin Controller, unz\u00e4hlige Instrumente<br \/>\n<div class=\"main-cross-sell\" data-asin=\"B06Y4CKTTL\">\n\n\t<div class=\"WooZone-cross-sell-loader\">\n\t\t<div>\n\t\t\t<div id=\"floatingBarsG\">\n\t\t\t\t<div class=\"blockG\" id=\"rotateG_01\"><\/div>\n\t\t\t\t<div class=\"blockG\" id=\"rotateG_02\"><\/div>\n\t\t\t\t<div class=\"blockG\" id=\"rotateG_03\"><\/div>\n\t\t\t\t<div class=\"blockG\" id=\"rotateG_04\"><\/div>\n\t\t\t\t<div class=\"blockG\" id=\"rotateG_05\"><\/div>\n\t\t\t\t<div class=\"blockG\" id=\"rotateG_06\"><\/div>\n\t\t\t\t<div class=\"blockG\" id=\"rotateG_07\"><\/div>\n\t\t\t\t<div class=\"blockG\" id=\"rotateG_08\"><\/div>\n\t\t\t<\/div>\n\t\t\t<div class=\"WooZone-cross-sell-loader-text\"><\/div>\n\t\t<\/div>\n\t<\/div>\n\n\t\t\n<\/div>\n<div style=\"clear:both;\"><\/div>\n","protected":false},"excerpt":{"rendered":"<p>Geben Sie Ihr Modell ein, um sicherzustellen, dass dieser Artikel passt.<br \/>\nUSB-MIDI-Masterkeyboard mit Softwarebundle und 61 Tasten<br \/>\nhochwertiger, flexibler MIDI Controller<\/p>\n","protected":false},"featured_media":3933,"comment_status":"open","ping_status":"closed","template":"","meta":{"_acf_changed":false,"rs_blank_template":"","rs_page_bg_color":"","slide_template_v7":""},"product_brand":[],"product_cat":[15,48],"product_tag":[],"class_list":{"0":"post-3932","1":"product","2":"type-product","3":"status-publish","4":"has-post-thumbnail","6":"product_cat-shop","7":"product_cat-synthesizer","8":"pa_brand-arturia","10":"first","11":"instock","12":"shipping-taxable","13":"purchasable","14":"product-type-simple"},"acf":[],"_links":{"self":[{"href":"https:\/\/www.instrumentbox.de\/index.php?rest_route=\/wp\/v2\/product\/3932","targetHints":{"allow":["GET"]}}],"collection":[{"href":"https:\/\/www.instrumentbox.de\/index.php?rest_route=\/wp\/v2\/product"}],"about":[{"href":"https:\/\/www.instrumentbox.de\/index.php?rest_route=\/wp\/v2\/types\/product"}],"replies":[{"embeddable":true,"href":"https:\/\/www.instrumentbox.de\/index.php?rest_route=%2Fwp%2Fv2%2Fcomments&post=3932"}],"wp:featuredmedia":[{"embeddable":true,"href":"https:\/\/www.instrumentbox.de\/index.php?rest_route=\/wp\/v2\/media\/3933"}],"wp:attachment":[{"href":"https:\/\/www.instrumentbox.de\/index.php?rest_route=%2Fwp%2Fv2%2Fmedia&parent=3932"}],"wp:term":[{"taxonomy":"product_brand","embeddable":true,"href":"https:\/\/www.instrumentbox.de\/index.php?rest_route=%2Fwp%2Fv2%2Fproduct_brand&post=3932"},{"taxonomy":"product_cat","embeddable":true,"href":"https:\/\/www.instrumentbox.de\/index.php?rest_route=%2Fwp%2Fv2%2Fproduct_cat&post=3932"},{"taxonomy":"product_tag","embeddable":true,"href":"https:\/\/www.instrumentbox.de\/index.php?rest_route=%2Fwp%2Fv2%2Fproduct_tag&post=3932"}],"curies":[{"name":"wp","href":"https:\/\/api.w.org\/{rel}","templated":true}]}}