{"id":4381,"date":"2020-07-20T12:32:21","date_gmt":"2020-07-20T12:32:21","guid":{"rendered":"https:\/\/www.instrumentbox.de\/?product=tomandwill-43-vl44-680-full-4-4-groesse-classic-geigenkasten"},"modified":"2024-01-03T07:48:52","modified_gmt":"2024-01-03T06:48:52","slug":"tomandwill-43-vl44-680-full-4-4-groesse-classic-geigenkasten","status":"publish","type":"product","link":"https:\/\/www.instrumentbox.de\/?product=tomandwill-43-vl44-680-full-4-4-groesse-classic-geigenkasten","title":{"rendered":"Tomandwill 43\u00a0VL44\u2013680\u00a0Full 4\/4\u00a0Gr\u00f6\u00dfe Classic Geigenkasten"},"content":{"rendered":"<p><!-- show up to 2 reviews by default --> <\/p>\n<p>Klassische Violine 4\/4, rechteckig), kastanienbraun, braun <\/p>\n<p>Geben Sie Ihr Modell ein, um sicherzustellen, dass dieser Artikel passt.<br \/>\nl\u00e4nglichen\/Weigh 4\/4 Violine Gig Fall; mit geformtem Inneren in oliv<br \/>\nSehr weiches geformtes Futter; Schutz-Nieten auf beiden Seiten des Geh\u00e4uses<br \/>\nDual Griffe; Haltegriff; komplett abnehmbare Rucksacktragegurte<br \/>\n2 Bogenhalter; Saitenrohr;; Umh\u00e4ngeband; internes, selbstschlie\u00dfendes Fach; zus\u00e4tzlicher Schulterst\u00fctzen-Stauraum<br \/>\nSchlie\u00dfbarer Riegel; YKK-Rei\u00dfverschl\u00fcsse an 3 Seiten der Tasche f\u00fcr vollen Zugriff<br \/>\n<div class=\"main-cross-sell\" data-asin=\"B00YSP2OZC\">\n\n\t<div class=\"WooZone-cross-sell-loader\">\n\t\t<div>\n\t\t\t<div id=\"floatingBarsG\">\n\t\t\t\t<div class=\"blockG\" id=\"rotateG_01\"><\/div>\n\t\t\t\t<div class=\"blockG\" id=\"rotateG_02\"><\/div>\n\t\t\t\t<div class=\"blockG\" id=\"rotateG_03\"><\/div>\n\t\t\t\t<div class=\"blockG\" id=\"rotateG_04\"><\/div>\n\t\t\t\t<div class=\"blockG\" id=\"rotateG_05\"><\/div>\n\t\t\t\t<div class=\"blockG\" id=\"rotateG_06\"><\/div>\n\t\t\t\t<div class=\"blockG\" id=\"rotateG_07\"><\/div>\n\t\t\t\t<div class=\"blockG\" id=\"rotateG_08\"><\/div>\n\t\t\t<\/div>\n\t\t\t<div class=\"WooZone-cross-sell-loader-text\"><\/div>\n\t\t<\/div>\n\t<\/div>\n\n\t\t\n<\/div>\n<div style=\"clear:both;\"><\/div>\n","protected":false},"excerpt":{"rendered":"<p>Geben Sie Ihr Modell ein, um sicherzustellen, dass dieser Artikel passt.<br \/>\nl\u00e4nglichen\/Weigh 4\/4 Violine Gig Fall; mit geformtem Inneren in oliv<br \/>\nSehr weiches geformtes Futter; Schutz-Nieten auf beiden Seiten des Geh\u00e4uses<\/p>\n","protected":false},"featured_media":4382,"comment_status":"open","ping_status":"closed","template":"","meta":{"_acf_changed":false,"rs_blank_template":"","rs_page_bg_color":"","slide_template_v7":""},"product_brand":[],"product_cat":[15,40],"product_tag":[],"class_list":{"0":"post-4381","1":"product","2":"type-product","3":"status-publish","4":"has-post-thumbnail","6":"product_cat-shop","7":"product_cat-zubehoer","8":"pa_brand-tomandwill","10":"first","11":"instock","12":"shipping-taxable","13":"purchasable","14":"product-type-simple"},"acf":[],"_links":{"self":[{"href":"https:\/\/www.instrumentbox.de\/index.php?rest_route=\/wp\/v2\/product\/4381","targetHints":{"allow":["GET"]}}],"collection":[{"href":"https:\/\/www.instrumentbox.de\/index.php?rest_route=\/wp\/v2\/product"}],"about":[{"href":"https:\/\/www.instrumentbox.de\/index.php?rest_route=\/wp\/v2\/types\/product"}],"replies":[{"embeddable":true,"href":"https:\/\/www.instrumentbox.de\/index.php?rest_route=%2Fwp%2Fv2%2Fcomments&post=4381"}],"wp:featuredmedia":[{"embeddable":true,"href":"https:\/\/www.instrumentbox.de\/index.php?rest_route=\/wp\/v2\/media\/4382"}],"wp:attachment":[{"href":"https:\/\/www.instrumentbox.de\/index.php?rest_route=%2Fwp%2Fv2%2Fmedia&parent=4381"}],"wp:term":[{"taxonomy":"product_brand","embeddable":true,"href":"https:\/\/www.instrumentbox.de\/index.php?rest_route=%2Fwp%2Fv2%2Fproduct_brand&post=4381"},{"taxonomy":"product_cat","embeddable":true,"href":"https:\/\/www.instrumentbox.de\/index.php?rest_route=%2Fwp%2Fv2%2Fproduct_cat&post=4381"},{"taxonomy":"product_tag","embeddable":true,"href":"https:\/\/www.instrumentbox.de\/index.php?rest_route=%2Fwp%2Fv2%2Fproduct_tag&post=4381"}],"curies":[{"name":"wp","href":"https:\/\/api.w.org\/{rel}","templated":true}]}}