{"id":4525,"date":"2020-07-20T12:33:18","date_gmt":"2020-07-20T12:33:18","guid":{"rendered":"https:\/\/www.instrumentbox.de\/?product=geigenkoffer-glasfaser-slim-flight-4-4-rot-m-case"},"modified":"2025-01-19T18:13:21","modified_gmt":"2025-01-19T17:13:21","slug":"geigenkoffer-glasfaser-slim-flight-4-4-rot-m-case","status":"publish","type":"product","link":"https:\/\/www.instrumentbox.de\/?product=geigenkoffer-glasfaser-slim-flight-4-4-rot-m-case","title":{"rendered":"Geigenkoffer Fiberglass 4\/4 SlimFlight special rot M-case + Bogenkoffer"},"content":{"rendered":"<p><!-- show up to 2 reviews by default --> <\/p>\n<p>Geigenkoffer Glasfaser Slim Flight 4\/4 rot M-Case * Gr\u00f6\u00dfe: 4\/4 * Material: Glasfaser * sch\u00fctzt Ihre Geige vor Temperatur\u00e4nderungen, Feuchtigkeit und mechanischen Besch\u00e4digungen * modernes Design, erm\u00f6glicht Transport in Flugzeugen * Innenauskleidung aus dem gesteppten Stoff * 2 Bogenhalter innen * G\u00fcrtel zur Befestigung des Instrumentes * Amortisierungseinlage * Solider Tragegriff * Klammer aus Metall * 4 Haken f\u00fcr Trageriemen &#8211; f\u00fcr R\u00fccken \/ Schulter * 2 Trageriemen f\u00fcr R\u00fccken \/ Schulter * Gummi \u2013 Abstellf\u00fc\u00dfe * Gro\u00dfe Notentasche dazu * Hygrometer * Gewicht \u2013 2 Kg <\/p>\n<p>Geben Sie Ihr Modell ein, um sicherzustellen, dass dieser Artikel passt.<br \/>\nGeigenkoffer, Geigenetui, M-Case<br \/>\n<div class=\"main-cross-sell\" data-asin=\"B01LF1OW24\">\n\n\t<div class=\"WooZone-cross-sell-loader\">\n\t\t<div>\n\t\t\t<div id=\"floatingBarsG\">\n\t\t\t\t<div class=\"blockG\" id=\"rotateG_01\"><\/div>\n\t\t\t\t<div class=\"blockG\" id=\"rotateG_02\"><\/div>\n\t\t\t\t<div class=\"blockG\" id=\"rotateG_03\"><\/div>\n\t\t\t\t<div class=\"blockG\" id=\"rotateG_04\"><\/div>\n\t\t\t\t<div class=\"blockG\" id=\"rotateG_05\"><\/div>\n\t\t\t\t<div class=\"blockG\" id=\"rotateG_06\"><\/div>\n\t\t\t\t<div class=\"blockG\" id=\"rotateG_07\"><\/div>\n\t\t\t\t<div class=\"blockG\" id=\"rotateG_08\"><\/div>\n\t\t\t<\/div>\n\t\t\t<div class=\"WooZone-cross-sell-loader-text\"><\/div>\n\t\t<\/div>\n\t<\/div>\n\n\t\t\n<\/div>\n<div style=\"clear:both;\"><\/div>\n","protected":false},"excerpt":{"rendered":"<p>Geben Sie Ihr Modell ein, um sicherzustellen, dass dieser Artikel passt.<br \/>\nGeigenkoffer, Geigenetui, M-Case<\/p>\n","protected":false},"featured_media":4526,"comment_status":"open","ping_status":"closed","template":"","meta":{"_acf_changed":false,"rs_blank_template":"","rs_page_bg_color":"","slide_template_v7":""},"product_brand":[],"product_cat":[15,40],"product_tag":[],"class_list":{"0":"post-4525","1":"product","2":"type-product","3":"status-publish","4":"has-post-thumbnail","6":"product_cat-shop","7":"product_cat-zubehoer","8":"pa_brand-m-case","10":"first","11":"instock","12":"shipping-taxable","13":"purchasable","14":"product-type-simple"},"acf":[],"_links":{"self":[{"href":"https:\/\/www.instrumentbox.de\/index.php?rest_route=\/wp\/v2\/product\/4525","targetHints":{"allow":["GET"]}}],"collection":[{"href":"https:\/\/www.instrumentbox.de\/index.php?rest_route=\/wp\/v2\/product"}],"about":[{"href":"https:\/\/www.instrumentbox.de\/index.php?rest_route=\/wp\/v2\/types\/product"}],"replies":[{"embeddable":true,"href":"https:\/\/www.instrumentbox.de\/index.php?rest_route=%2Fwp%2Fv2%2Fcomments&post=4525"}],"wp:featuredmedia":[{"embeddable":true,"href":"https:\/\/www.instrumentbox.de\/index.php?rest_route=\/wp\/v2\/media\/4526"}],"wp:attachment":[{"href":"https:\/\/www.instrumentbox.de\/index.php?rest_route=%2Fwp%2Fv2%2Fmedia&parent=4525"}],"wp:term":[{"taxonomy":"product_brand","embeddable":true,"href":"https:\/\/www.instrumentbox.de\/index.php?rest_route=%2Fwp%2Fv2%2Fproduct_brand&post=4525"},{"taxonomy":"product_cat","embeddable":true,"href":"https:\/\/www.instrumentbox.de\/index.php?rest_route=%2Fwp%2Fv2%2Fproduct_cat&post=4525"},{"taxonomy":"product_tag","embeddable":true,"href":"https:\/\/www.instrumentbox.de\/index.php?rest_route=%2Fwp%2Fv2%2Fproduct_tag&post=4525"}],"curies":[{"name":"wp","href":"https:\/\/api.w.org\/{rel}","templated":true}]}}