{"id":5080,"date":"2020-07-20T13:26:28","date_gmt":"2020-07-20T13:26:28","guid":{"rendered":"https:\/\/www.instrumentbox.de\/?product=ibanez-gio-mikro-e-bass-5-string-black-gsrm25-bk"},"modified":"2024-12-06T22:25:02","modified_gmt":"2024-12-06T21:25:02","slug":"ibanez-gio-mikro-e-bass-5-string-black-gsrm25-bk","status":"publish","type":"product","link":"https:\/\/www.instrumentbox.de\/?product=ibanez-gio-mikro-e-bass-5-string-black-gsrm25-bk","title":{"rendered":"Ibanez GIO-Mikro E-Bass 5 String &#8211; Black (GSRM25-BK)"},"content":{"rendered":"<p><!-- show up to 2 reviews by default --> <\/p>\n<p>Der Ibanez miKro GSRM25-BK Black ist dank Short Scale Mensur und verlockend g\u00fcnstigem Preis der perfekte F\u00fcnfsaiter E-Bass f\u00fcr Einsteiger oder experimentierfreudige Fortgeschrittene. W\u00e4hrend die Kombination aus Mahagoni-Korpus im schlanken Soundgear Design und dem schmalen Ahorn-Hals eine m\u00fchelose Bespielbarkeit garantiert, liefern die Ibanez Standard J Single Coil Tonabnehmer vielseitige Sounds. Eine zuverl\u00e4ssige Hardware-Ausstattung in Form der Ibanez B15 Br\u00fccke und pr\u00e4ziser Bassmechaniken vervollst\u00e4ndigt den Ibanez miKro GSRM25. <\/p>\n<p>Geben Sie Ihr Modell ein, um sicherzustellen, dass dieser Artikel passt.<br \/>\nDie Ibanez miKro-Serie liefert einen riesigen Klang in einem kompakten Geh\u00e4use<br \/>\nGro\u00dfer Klang von DXP- und DJ2-Tonabnehmern<br \/>\nPappelkorpus<br \/>\nPalisander Griffbrett mit &#8220;White Dot&#8221; Inlay<br \/>\nMedium B\u00fcnde<br \/>\n<div class=\"main-cross-sell\" data-asin=\"B075XQDTQX\">\n\n\t<div class=\"WooZone-cross-sell-loader\">\n\t\t<div>\n\t\t\t<div id=\"floatingBarsG\">\n\t\t\t\t<div class=\"blockG\" id=\"rotateG_01\"><\/div>\n\t\t\t\t<div class=\"blockG\" id=\"rotateG_02\"><\/div>\n\t\t\t\t<div class=\"blockG\" id=\"rotateG_03\"><\/div>\n\t\t\t\t<div class=\"blockG\" id=\"rotateG_04\"><\/div>\n\t\t\t\t<div class=\"blockG\" id=\"rotateG_05\"><\/div>\n\t\t\t\t<div class=\"blockG\" id=\"rotateG_06\"><\/div>\n\t\t\t\t<div class=\"blockG\" id=\"rotateG_07\"><\/div>\n\t\t\t\t<div class=\"blockG\" id=\"rotateG_08\"><\/div>\n\t\t\t<\/div>\n\t\t\t<div class=\"WooZone-cross-sell-loader-text\"><\/div>\n\t\t<\/div>\n\t<\/div>\n\n\t\t\n<\/div>\n<div style=\"clear:both;\"><\/div>\n","protected":false},"excerpt":{"rendered":"<p>Geben Sie Ihr Modell ein, um sicherzustellen, dass dieser Artikel passt.<br \/>\nDie Ibanez miKro-Serie liefert einen riesigen Klang in einem kompakten Geh\u00e4use<br \/>\nGro\u00dfer Klang von DXP- und DJ2-Tonabnehmern<\/p>\n","protected":false},"featured_media":5081,"comment_status":"open","ping_status":"closed","template":"","meta":{"_acf_changed":false,"rs_blank_template":"","rs_page_bg_color":"","slide_template_v7":""},"product_brand":[],"product_cat":[64,15],"product_tag":[],"class_list":{"0":"post-5080","1":"product","2":"type-product","3":"status-publish","4":"has-post-thumbnail","6":"product_cat-baesse","7":"product_cat-shop","8":"pa_brand-ibanez","10":"first","11":"instock","12":"shipping-taxable","13":"purchasable","14":"product-type-simple"},"acf":[],"_links":{"self":[{"href":"https:\/\/www.instrumentbox.de\/index.php?rest_route=\/wp\/v2\/product\/5080","targetHints":{"allow":["GET"]}}],"collection":[{"href":"https:\/\/www.instrumentbox.de\/index.php?rest_route=\/wp\/v2\/product"}],"about":[{"href":"https:\/\/www.instrumentbox.de\/index.php?rest_route=\/wp\/v2\/types\/product"}],"replies":[{"embeddable":true,"href":"https:\/\/www.instrumentbox.de\/index.php?rest_route=%2Fwp%2Fv2%2Fcomments&post=5080"}],"wp:featuredmedia":[{"embeddable":true,"href":"https:\/\/www.instrumentbox.de\/index.php?rest_route=\/wp\/v2\/media\/5081"}],"wp:attachment":[{"href":"https:\/\/www.instrumentbox.de\/index.php?rest_route=%2Fwp%2Fv2%2Fmedia&parent=5080"}],"wp:term":[{"taxonomy":"product_brand","embeddable":true,"href":"https:\/\/www.instrumentbox.de\/index.php?rest_route=%2Fwp%2Fv2%2Fproduct_brand&post=5080"},{"taxonomy":"product_cat","embeddable":true,"href":"https:\/\/www.instrumentbox.de\/index.php?rest_route=%2Fwp%2Fv2%2Fproduct_cat&post=5080"},{"taxonomy":"product_tag","embeddable":true,"href":"https:\/\/www.instrumentbox.de\/index.php?rest_route=%2Fwp%2Fv2%2Fproduct_tag&post=5080"}],"curies":[{"name":"wp","href":"https:\/\/api.w.org\/{rel}","templated":true}]}}