{"id":5103,"date":"2020-07-20T13:26:46","date_gmt":"2020-07-20T13:26:46","guid":{"rendered":"https:\/\/www.instrumentbox.de\/?product=ibanez-grgm21-wh-e-gitarre"},"modified":"2025-01-24T14:09:34","modified_gmt":"2025-01-24T13:09:34","slug":"ibanez-grgm21-wh-e-gitarre","status":"publish","type":"product","link":"https:\/\/www.instrumentbox.de\/?product=ibanez-grgm21-wh-e-gitarre","title":{"rendered":"Ibanez GRGM21-WH E-Gitarre, wei\u00df"},"content":{"rendered":"<p><!-- show up to 2 reviews by default --> <\/p>\n<p>Die auf Dreiviertelgr\u00f6\u00dfe verkleinerte Gitarre eignet sich auch hervorragend als Einsteigergitarre f\u00fcr Kinder oder Leute mit kleineren H\u00e4nden. Die Gitarre ausgestattet mit zwei Humbucker Pickups, feste Br\u00fccke und einem flachen, gut spielbaren Hals. <\/p>\n<p>Geben Sie Ihr Modell ein, um sicherzustellen, dass dieser Artikel passt.<br \/>\nGr\u00f6\u00dfe: 3\/4, Korpus: Pappel, Hals: Ahorn<br \/>\nGriffbrett: Palisander Sharktooth Griffbretteinlagen, Mensur: 564 mm<br \/>\n24 Medium B\u00fcnde, Tonabnehmer: 2 Infinity Humbucker, 1 Volumen- und 1 Tonregler<br \/>\nFester Steg, Chrome Hardware, Farbe: Wei\u00df<br \/>\n<div class=\"main-cross-sell\" data-asin=\"B01B5P6KHK\">\n\n\t<div class=\"WooZone-cross-sell-loader\">\n\t\t<div>\n\t\t\t<div id=\"floatingBarsG\">\n\t\t\t\t<div class=\"blockG\" id=\"rotateG_01\"><\/div>\n\t\t\t\t<div class=\"blockG\" id=\"rotateG_02\"><\/div>\n\t\t\t\t<div class=\"blockG\" id=\"rotateG_03\"><\/div>\n\t\t\t\t<div class=\"blockG\" id=\"rotateG_04\"><\/div>\n\t\t\t\t<div class=\"blockG\" id=\"rotateG_05\"><\/div>\n\t\t\t\t<div class=\"blockG\" id=\"rotateG_06\"><\/div>\n\t\t\t\t<div class=\"blockG\" id=\"rotateG_07\"><\/div>\n\t\t\t\t<div class=\"blockG\" id=\"rotateG_08\"><\/div>\n\t\t\t<\/div>\n\t\t\t<div class=\"WooZone-cross-sell-loader-text\"><\/div>\n\t\t<\/div>\n\t<\/div>\n\n\t\t\n<\/div>\n<div style=\"clear:both;\"><\/div>\n","protected":false},"excerpt":{"rendered":"<p>Geben Sie Ihr Modell ein, um sicherzustellen, dass dieser Artikel passt.<br \/>\nGr\u00f6\u00dfe: 3\/4, Korpus: Pappel, Hals: Ahorn<br \/>\nGriffbrett: Palisander Sharktooth Griffbretteinlagen, Mensur: 564 mm<\/p>\n","protected":false},"featured_media":5104,"comment_status":"open","ping_status":"closed","template":"","meta":{"_acf_changed":false,"rs_blank_template":"","rs_page_bg_color":"","slide_template_v7":""},"product_brand":[],"product_cat":[64,15],"product_tag":[],"class_list":{"0":"post-5103","1":"product","2":"type-product","3":"status-publish","4":"has-post-thumbnail","6":"product_cat-baesse","7":"product_cat-shop","8":"pa_brand-ibanez","10":"first","11":"instock","12":"shipping-taxable","13":"purchasable","14":"product-type-simple"},"acf":[],"_links":{"self":[{"href":"https:\/\/www.instrumentbox.de\/index.php?rest_route=\/wp\/v2\/product\/5103","targetHints":{"allow":["GET"]}}],"collection":[{"href":"https:\/\/www.instrumentbox.de\/index.php?rest_route=\/wp\/v2\/product"}],"about":[{"href":"https:\/\/www.instrumentbox.de\/index.php?rest_route=\/wp\/v2\/types\/product"}],"replies":[{"embeddable":true,"href":"https:\/\/www.instrumentbox.de\/index.php?rest_route=%2Fwp%2Fv2%2Fcomments&post=5103"}],"wp:featuredmedia":[{"embeddable":true,"href":"https:\/\/www.instrumentbox.de\/index.php?rest_route=\/wp\/v2\/media\/5104"}],"wp:attachment":[{"href":"https:\/\/www.instrumentbox.de\/index.php?rest_route=%2Fwp%2Fv2%2Fmedia&parent=5103"}],"wp:term":[{"taxonomy":"product_brand","embeddable":true,"href":"https:\/\/www.instrumentbox.de\/index.php?rest_route=%2Fwp%2Fv2%2Fproduct_brand&post=5103"},{"taxonomy":"product_cat","embeddable":true,"href":"https:\/\/www.instrumentbox.de\/index.php?rest_route=%2Fwp%2Fv2%2Fproduct_cat&post=5103"},{"taxonomy":"product_tag","embeddable":true,"href":"https:\/\/www.instrumentbox.de\/index.php?rest_route=%2Fwp%2Fv2%2Fproduct_tag&post=5103"}],"curies":[{"name":"wp","href":"https:\/\/api.w.org\/{rel}","templated":true}]}}