{"id":5206,"date":"2020-07-20T13:27:53","date_gmt":"2020-07-20T13:27:53","guid":{"rendered":"https:\/\/www.instrumentbox.de\/?product=ibanez-gio-e-gitarre-6-string-walnut-flat-gsa60-wnf"},"modified":"2025-01-11T19:29:32","modified_gmt":"2025-01-11T18:29:32","slug":"ibanez-gio-e-gitarre-6-string-walnut-flat-gsa60-wnf","status":"publish","type":"product","link":"https:\/\/www.instrumentbox.de\/?product=ibanez-gio-e-gitarre-6-string-walnut-flat-gsa60-wnf","title":{"rendered":"Ibanez GIO SA Series GSA60-WNF &#8211; Electric Guitar &#8211; Walnut Flat"},"content":{"rendered":"<p><!-- show up to 2 reviews by default --> <\/p>\n<p>Flinkes S-Style Gio Instrument Die Gio-Serie von Ibanez demonstriert eindrucksvoll, dass professioneller Sound, gute Verarbeitung und angenehme Bespielbarkeit keineswegs nur gegen einen tiefen Griff in den Geldbeutel zu haben sind. So auch die GSA60 als eines der belibetesten Instrumente der Serie. Schlanke Korpuskonturen, weite Cuts, ein Ahornhals im wendigen GSA-Profil und ein SAT10 Tremolosystem sorgen f\u00fcr enorme Funktionalit\u00e4t und unterst\u00fctzen technisch anspruchsvollere Licks ungemein. Klanglich stehen hauseigene Ibanez Infinity R und RS Tonabnehmer im HSS-Setup zur Verf\u00fcgung und lassen zwischen sanften Cleans und High Gain Sounds kaum W\u00fcnsche offen. <\/p>\n<p>Geben Sie Ihr Modell ein, um sicherzustellen, dass dieser Artikel passt.<br \/>\nFlinkes S-Style Gio Instrument<br \/>\nAhornhals im wendigen GSA-Profil<br \/>\nSAT10 Tremolosystem<br \/>\nIbanez Infinity R und RS Tonabnehmer im HSS-Setup<br \/>\n5-Weg Schalter, Volume- und Tonregler<br \/>\n<div class=\"main-cross-sell\" data-asin=\"B00SMKOGF0\">\n\n\t<div class=\"WooZone-cross-sell-loader\">\n\t\t<div>\n\t\t\t<div id=\"floatingBarsG\">\n\t\t\t\t<div class=\"blockG\" id=\"rotateG_01\"><\/div>\n\t\t\t\t<div class=\"blockG\" id=\"rotateG_02\"><\/div>\n\t\t\t\t<div class=\"blockG\" id=\"rotateG_03\"><\/div>\n\t\t\t\t<div class=\"blockG\" id=\"rotateG_04\"><\/div>\n\t\t\t\t<div class=\"blockG\" id=\"rotateG_05\"><\/div>\n\t\t\t\t<div class=\"blockG\" id=\"rotateG_06\"><\/div>\n\t\t\t\t<div class=\"blockG\" id=\"rotateG_07\"><\/div>\n\t\t\t\t<div class=\"blockG\" id=\"rotateG_08\"><\/div>\n\t\t\t<\/div>\n\t\t\t<div class=\"WooZone-cross-sell-loader-text\"><\/div>\n\t\t<\/div>\n\t<\/div>\n\n\t\t\n<\/div>\n<div style=\"clear:both;\"><\/div>\n","protected":false},"excerpt":{"rendered":"<p>Geben Sie Ihr Modell ein, um sicherzustellen, dass dieser Artikel passt.<br \/>\nFlinkes S-Style Gio Instrument<br \/>\nAhornhals im wendigen GSA-Profil<\/p>\n","protected":false},"featured_media":5207,"comment_status":"open","ping_status":"closed","template":"","meta":{"_acf_changed":false,"rs_blank_template":"","rs_page_bg_color":"","slide_template_v7":""},"product_brand":[],"product_cat":[64,15],"product_tag":[],"class_list":{"0":"post-5206","1":"product","2":"type-product","3":"status-publish","4":"has-post-thumbnail","6":"product_cat-baesse","7":"product_cat-shop","8":"pa_brand-ibanez","10":"first","11":"instock","12":"shipping-taxable","13":"purchasable","14":"product-type-simple"},"acf":[],"_links":{"self":[{"href":"https:\/\/www.instrumentbox.de\/index.php?rest_route=\/wp\/v2\/product\/5206","targetHints":{"allow":["GET"]}}],"collection":[{"href":"https:\/\/www.instrumentbox.de\/index.php?rest_route=\/wp\/v2\/product"}],"about":[{"href":"https:\/\/www.instrumentbox.de\/index.php?rest_route=\/wp\/v2\/types\/product"}],"replies":[{"embeddable":true,"href":"https:\/\/www.instrumentbox.de\/index.php?rest_route=%2Fwp%2Fv2%2Fcomments&post=5206"}],"wp:featuredmedia":[{"embeddable":true,"href":"https:\/\/www.instrumentbox.de\/index.php?rest_route=\/wp\/v2\/media\/5207"}],"wp:attachment":[{"href":"https:\/\/www.instrumentbox.de\/index.php?rest_route=%2Fwp%2Fv2%2Fmedia&parent=5206"}],"wp:term":[{"taxonomy":"product_brand","embeddable":true,"href":"https:\/\/www.instrumentbox.de\/index.php?rest_route=%2Fwp%2Fv2%2Fproduct_brand&post=5206"},{"taxonomy":"product_cat","embeddable":true,"href":"https:\/\/www.instrumentbox.de\/index.php?rest_route=%2Fwp%2Fv2%2Fproduct_cat&post=5206"},{"taxonomy":"product_tag","embeddable":true,"href":"https:\/\/www.instrumentbox.de\/index.php?rest_route=%2Fwp%2Fv2%2Fproduct_tag&post=5206"}],"curies":[{"name":"wp","href":"https:\/\/api.w.org\/{rel}","templated":true}]}}