{"id":767,"date":"2020-06-28T09:23:20","date_gmt":"2020-06-28T09:23:20","guid":{"rendered":"https:\/\/www.instrumentbox.de\/?product=forenza-f2151a-violine-ausfuehrung-in-voller-groesse"},"modified":"2024-01-02T22:51:10","modified_gmt":"2024-01-02T21:51:10","slug":"forenza-f2151a-violine-ausfuehrung-in-voller-groesse","status":"publish","type":"product","link":"https:\/\/www.instrumentbox.de\/?product=forenza-f2151a-violine-ausfuehrung-in-voller-groesse","title":{"rendered":"Forenza Prima 2 Voll 4\/4 -Geigen -Outfit Mit Ebony -Fingerplatten Und Stiften, Leichtgewichten, Holzbogen, Rosing, Stahlkernschnallen"},"content":{"rendered":"<div class=\"disclaim\"> Gr\u00f6\u00dfe:<strong>4\/4<\/strong> <\/div>\n<p> <!-- show up to 2 reviews by default --> <\/p>\n<p>Violinen von Forenza sind hochwertige Instrumentensets f\u00fcr Sch\u00fcler, die speziell daf\u00fcr entwickelt wurden, jungen Spielern den bestm\u00f6glichen Start in ihre musikalische Karriere zu erm\u00f6glichen. Die handgeschnitzten Korpusse sind mit massiven Ebenholz-Griffbrettern versehen und aus ausgew\u00e4hlten Tonh\u00f6lzern gefertigt. Ebenholz-Stimmwirbel sind serienm\u00e4\u00dfig zusammen mit verbesserten Premium-Saiten mit E-Saitenschutz. Die Violine enth\u00e4lt einen leichten Koffer mit Zubeh\u00f6rtaschen und Tragegurten. Der Holzbogen mit Ebenholzfrosch und das Kolophonium sind von hoher Qualit\u00e4t und bieten Ihnen ein komplettes Set, um mit dem Geigenspiel zu beginnen. <\/p>\n<p>Geben Sie Ihr Modell ein, um sicherzustellen, dass dieser Artikel passt.<br \/>\nEbenholzgriffbrett, Kinnst\u00fctze und Stimmwirbel<br \/>\nVerbesserte Premium-Studentensaiten mit E-Saitenschutz<br \/>\nProfilbr\u00fccke, wird montiert und f\u00fcr den Transport gesch\u00fctzt geliefert<br \/>\nQualit\u00e4tsschleife mit nat\u00fcrlichem Pferdehaar und Kolophoniumblock<br \/>\nLieferung in leichtem Koffer mit extrem haltbarem Griff und Rucksackriemen<br \/>\n<div class=\"main-cross-sell\" data-asin=\"B006SZJ4YO\">\n\n\t<div class=\"WooZone-cross-sell-loader\">\n\t\t<div>\n\t\t\t<div id=\"floatingBarsG\">\n\t\t\t\t<div class=\"blockG\" id=\"rotateG_01\"><\/div>\n\t\t\t\t<div class=\"blockG\" id=\"rotateG_02\"><\/div>\n\t\t\t\t<div class=\"blockG\" id=\"rotateG_03\"><\/div>\n\t\t\t\t<div class=\"blockG\" id=\"rotateG_04\"><\/div>\n\t\t\t\t<div class=\"blockG\" id=\"rotateG_05\"><\/div>\n\t\t\t\t<div class=\"blockG\" id=\"rotateG_06\"><\/div>\n\t\t\t\t<div class=\"blockG\" id=\"rotateG_07\"><\/div>\n\t\t\t\t<div class=\"blockG\" id=\"rotateG_08\"><\/div>\n\t\t\t<\/div>\n\t\t\t<div class=\"WooZone-cross-sell-loader-text\"><\/div>\n\t\t<\/div>\n\t<\/div>\n\n\t\t\n<\/div>\n<div style=\"clear:both;\"><\/div>\n","protected":false},"excerpt":{"rendered":"<p>Geben Sie Ihr Modell ein, um sicherzustellen, dass dieser Artikel passt.<br \/>\nEbenholzgriffbrett, Kinnst\u00fctze und Stimmwirbel<br \/>\nVerbesserte Premium-Studentensaiten mit E-Saitenschutz<\/p>\n","protected":false},"featured_media":768,"comment_status":"open","ping_status":"closed","template":"","meta":{"_acf_changed":false,"rs_blank_template":"","rs_page_bg_color":"","slide_template_v7":""},"product_brand":[],"product_cat":[62],"product_tag":[],"class_list":{"0":"post-767","1":"product","2":"type-product","3":"status-publish","4":"has-post-thumbnail","6":"product_cat-streichinstrumente","7":"pa_brand-forenza","9":"first","10":"instock","11":"shipping-taxable","12":"purchasable","13":"product-type-simple"},"acf":[],"_links":{"self":[{"href":"https:\/\/www.instrumentbox.de\/index.php?rest_route=\/wp\/v2\/product\/767","targetHints":{"allow":["GET"]}}],"collection":[{"href":"https:\/\/www.instrumentbox.de\/index.php?rest_route=\/wp\/v2\/product"}],"about":[{"href":"https:\/\/www.instrumentbox.de\/index.php?rest_route=\/wp\/v2\/types\/product"}],"replies":[{"embeddable":true,"href":"https:\/\/www.instrumentbox.de\/index.php?rest_route=%2Fwp%2Fv2%2Fcomments&post=767"}],"wp:featuredmedia":[{"embeddable":true,"href":"https:\/\/www.instrumentbox.de\/index.php?rest_route=\/wp\/v2\/media\/768"}],"wp:attachment":[{"href":"https:\/\/www.instrumentbox.de\/index.php?rest_route=%2Fwp%2Fv2%2Fmedia&parent=767"}],"wp:term":[{"taxonomy":"product_brand","embeddable":true,"href":"https:\/\/www.instrumentbox.de\/index.php?rest_route=%2Fwp%2Fv2%2Fproduct_brand&post=767"},{"taxonomy":"product_cat","embeddable":true,"href":"https:\/\/www.instrumentbox.de\/index.php?rest_route=%2Fwp%2Fv2%2Fproduct_cat&post=767"},{"taxonomy":"product_tag","embeddable":true,"href":"https:\/\/www.instrumentbox.de\/index.php?rest_route=%2Fwp%2Fv2%2Fproduct_tag&post=767"}],"curies":[{"name":"wp","href":"https:\/\/api.w.org\/{rel}","templated":true}]}}