{"id":958,"date":"2020-06-28T15:32:34","date_gmt":"2020-06-28T15:32:34","guid":{"rendered":"https:\/\/www.instrumentbox.de\/?product=shdjoops-konzertfloete-weiss-kupfer-kupfer-versilbertes-blasinstrument"},"modified":"2024-01-02T23:09:25","modified_gmt":"2024-01-02T22:09:25","slug":"shdjoops-konzertfloete-weiss-kupfer-kupfer-versilbertes-blasinstrument","status":"publish","type":"product","link":"https:\/\/www.instrumentbox.de\/?product=shdjoops-konzertfloete-weiss-kupfer-kupfer-versilbertes-blasinstrument","title":{"rendered":"SHDJOOPS Konzertfl\u00f6te Wei\u00df Kupfer Kupfer Versilbertes Blasinstrument"},"content":{"rendered":"<p><!-- show up to 2 reviews by default --><\/p>\n<p>Das Fl\u00f6tenreinigungsset besteht aus f\u00fcnf Teilen und enth\u00e4lt Reinigungstuchstangen, Kork, Fett, Schraubendreherhandschuhe sowie einen vollst\u00e4ndigen und guten Fl\u00f6tenreinigungsassistenten. <br \/> Material: Baumwolle, Kunststoff, Schmiermittel, Metall <br \/> Geeignet f\u00fcr: Fl\u00f6te, Saxophon <br \/> Paket beinhaltet: 1x Reinigungstuch \/ 1x Reinigungsstab \/ 1x Korkfett \/ 1x Schraubendreher \/ 1 Paar Handschuhe <\/p>\n<p>Das Fl\u00f6tenreinigungsset besteht aus f\u00fcnf Teilen und enth\u00e4lt Reinigungsst\u00e4bchen, Kork, Fett, Schraubendreherhandschuhe sowie einen vollst\u00e4ndigen und guten Fl\u00f6tenreinigungsassistenten.<br \/>\nMaterial: Baumwolle, Kunststoff, Schmiermittel, Metall<br \/>\nGeeignet f\u00fcr: Fl\u00f6te, Saxophon<br \/>\nDas Paket beinhaltet: 1x Reinigungstuch \/ 1x Reinigungsstab \/ 1x Korkfett \/ 1x Schraubendreher \/ 1 Paar Handschuhe<br \/>\n<div class=\"main-cross-sell\" data-asin=\"B0873B2626\">\n\n\t<div class=\"WooZone-cross-sell-loader\">\n\t\t<div>\n\t\t\t<div id=\"floatingBarsG\">\n\t\t\t\t<div class=\"blockG\" id=\"rotateG_01\"><\/div>\n\t\t\t\t<div class=\"blockG\" id=\"rotateG_02\"><\/div>\n\t\t\t\t<div class=\"blockG\" id=\"rotateG_03\"><\/div>\n\t\t\t\t<div class=\"blockG\" id=\"rotateG_04\"><\/div>\n\t\t\t\t<div class=\"blockG\" id=\"rotateG_05\"><\/div>\n\t\t\t\t<div class=\"blockG\" id=\"rotateG_06\"><\/div>\n\t\t\t\t<div class=\"blockG\" id=\"rotateG_07\"><\/div>\n\t\t\t\t<div class=\"blockG\" id=\"rotateG_08\"><\/div>\n\t\t\t<\/div>\n\t\t\t<div class=\"WooZone-cross-sell-loader-text\"><\/div>\n\t\t<\/div>\n\t<\/div>\n\n\t\t\n<\/div>\n<div style=\"clear:both;\"><\/div>\n","protected":false},"excerpt":{"rendered":"<p>Das Fl\u00f6tenreinigungsset besteht aus f\u00fcnf Teilen und enth\u00e4lt Reinigungsst\u00e4bchen, Kork, Fett, Schraubendreherhandschuhe sowie einen vollst\u00e4ndigen und guten Fl\u00f6tenreinigungsassistenten.<br \/>\nMaterial: Baumwolle, Kunststoff, Schmiermittel, Metall<br \/>\nGeeignet f\u00fcr: Fl\u00f6te, Saxophon<\/p>\n","protected":false},"featured_media":959,"comment_status":"open","ping_status":"closed","template":"","meta":{"_acf_changed":false,"rs_blank_template":"","rs_page_bg_color":"","slide_template_v7":""},"product_brand":[],"product_cat":[114,15],"product_tag":[],"class_list":{"0":"post-958","1":"product","2":"type-product","3":"status-publish","4":"has-post-thumbnail","6":"product_cat-blasinstrument","7":"product_cat-shop","8":"pa_brand-shdjoops","10":"first","11":"instock","12":"shipping-taxable","13":"purchasable","14":"product-type-simple"},"acf":[],"_links":{"self":[{"href":"https:\/\/www.instrumentbox.de\/index.php?rest_route=\/wp\/v2\/product\/958","targetHints":{"allow":["GET"]}}],"collection":[{"href":"https:\/\/www.instrumentbox.de\/index.php?rest_route=\/wp\/v2\/product"}],"about":[{"href":"https:\/\/www.instrumentbox.de\/index.php?rest_route=\/wp\/v2\/types\/product"}],"replies":[{"embeddable":true,"href":"https:\/\/www.instrumentbox.de\/index.php?rest_route=%2Fwp%2Fv2%2Fcomments&post=958"}],"wp:featuredmedia":[{"embeddable":true,"href":"https:\/\/www.instrumentbox.de\/index.php?rest_route=\/wp\/v2\/media\/959"}],"wp:attachment":[{"href":"https:\/\/www.instrumentbox.de\/index.php?rest_route=%2Fwp%2Fv2%2Fmedia&parent=958"}],"wp:term":[{"taxonomy":"product_brand","embeddable":true,"href":"https:\/\/www.instrumentbox.de\/index.php?rest_route=%2Fwp%2Fv2%2Fproduct_brand&post=958"},{"taxonomy":"product_cat","embeddable":true,"href":"https:\/\/www.instrumentbox.de\/index.php?rest_route=%2Fwp%2Fv2%2Fproduct_cat&post=958"},{"taxonomy":"product_tag","embeddable":true,"href":"https:\/\/www.instrumentbox.de\/index.php?rest_route=%2Fwp%2Fv2%2Fproduct_tag&post=958"}],"curies":[{"name":"wp","href":"https:\/\/api.w.org\/{rel}","templated":true}]}}